{"id":9967,"date":"2025-03-13T10:41:43","date_gmt":"2025-03-13T03:41:43","guid":{"rendered":"https:\/\/chuparty.vn\/?post_type=product&#038;p=9967"},"modified":"2026-02-24T14:21:58","modified_gmt":"2026-02-24T07:21:58","slug":"combo-bong-gau-mung-sinh-nhat","status":"publish","type":"product","link":"https:\/\/chuparty.vn\/?product=combo-bong-gau-mung-sinh-nhat","title":{"rendered":"COMBO B\u00d3NG G\u1ea4U M\u1eeaNG SINH NH\u1eacT"},"content":{"rendered":"<p><strong>Th\u00f4ng tin chi ti\u1ebft s\u1ea3n ph\u1ea9m: COMBO B\u00d3NG G\u1ea4U M\u1eeaNG SINH NH\u1eacT<\/strong><\/p>\n<p>* 1 b\u00f3ng b\u00e1nh sinh nh\u1eadt handmade<br \/>\n* 1 b\u00f3 hoa G\u1ea5u size S 8 c\u00e0nh<br \/>\n* 1 b\u00f3ng h\u00ecnh g\u1ea5u \u00f4m tr\u00e1i tim<br \/>\n* 1 Sticker d\u00e1n (n\u1ed9i dung t\u00f9y ch\u1ecdn theo y\u00eau c\u1ea7u)<\/p>\n<p><strong>L\u01b0u \u00fd: CH\u01afA BAO G\u1ed2M 2 C\u00c0NH G\u1ea4U SINGLE.<br \/>\nGi\u1ea3m gi\u00e1 ch\u1ec9 \u0111\u01b0\u1ee3c \u00e1p d\u1ee5ng khi \u0111\u1eb7t h\u00e0ng tr\u01b0\u1edbc \u00edt nh\u1ea5t 2-3 ng\u00e0y<br \/>\n<\/strong>+ B\u00f3ng Jumbo\/ b\u00f3ng bay s\u1ebd \u0111\u01b0\u1ee3c giao b\u1eb1ng grab car\/taxi, \u0111\u1ec3 gi\u1eef an to\u00e0n cho bong b\u00f3ng tr\u01b0\u1edbc th\u1eddi ti\u1ebft (n\u1eafng ho\u1eb7c m\u01b0a) gi\u00fap cho b\u00f3ng gi\u1eef \u0111\u01b0\u1ee3c m\u00e0u s\u1eafc kh\u00f4ng b\u1ecb xu\u1ed1ng m\u00e0u ho\u1eb7c b\u1ecb b\u1ec3 do va \u0111\u1eadp. \u00a0Ph\u00ed v\u1eadn chuy\u1ec3n s\u1ebd \u0111\u01b0\u1ee3c th\u00f4ng b\u00e1o khi book xe .<br \/>\n+ B\u00f3ng Jumbo\/ b\u00f3ng bay \u0111\u1eb9p nh\u1ea5t t\u1eeb 6-8 ti\u1ebfng \u0111\u1ea7u (trong th\u1eddi gian n\u00e0y b\u00f3ng s\u1ebd lu\u00f4n s\u00e1ng \u0111\u1eb9p v\u00e0 \u0111\u1ed9 bay s\u1ebd \u0111\u01b0\u1ee3c \u0111\u1ea3m b\u1ea3o t\u1ed1t nh\u1ea5t.<br \/>\n+ H\u1ea1n ch\u1ebf \u0111\u1ec3 bong b\u00f3ng \u1edf ngo\u00e0i tr\u1eddi ho\u1eb7c n\u01a1i c\u00f3 nhi\u1ec7t \u0111\u1ed9 cao, g\u1ea7n m\u1eb7t tr\u1eddi ho\u1eb7c \u00e1nh \u0111\u00e8n n\u00f3ng s\u1ebd l\u00e0m v\u1ee1 b\u00f3ng.<\/p>\n","protected":false},"excerpt":{"rendered":"<p>Th\u00f4ng tin chi ti\u1ebft s\u1ea3n ph\u1ea9m: COMBO B\u00d3NG G\u1ea4U M\u1eeaNG SINH NH\u1eacT * 1 b\u00f3ng b\u00e1nh sinh nh\u1eadt handmade * 1 b\u00f3 hoa G\u1ea5u size S 8 c\u00e0nh * 1 b\u00f3ng h\u00ecnh g\u1ea5u \u00f4m tr\u00e1i tim * 1 Sticker d\u00e1n (n\u1ed9i dung t\u00f9y ch\u1ecdn theo y\u00eau c\u1ea7u) L\u01b0u \u00fd: CH\u01afA BAO G\u1ed2M 2 C\u00c0NH G\u1ea4U [&hellip;]<\/p>\n","protected":false},"featured_media":9969,"comment_status":"open","ping_status":"closed","template":"","meta":[],"product_cat":[508,104,318,137,365,213,482,366,497],"product_tag":[],"class_list":{"0":"post-9967","1":"product","2":"type-product","3":"status-publish","4":"has-post-thumbnail","6":"product_cat-combo-bong-handmade","7":"product_cat-vintage","8":"product_cat-baby-shower","9":"product_cat-1st-birthday","10":"product_cat-graduation","11":"product_cat-love-wedding-anniversary","12":"product_cat-bong-bay-cho-tiec-cau-hon","13":"product_cat-combo-bong-tru-handmade","14":"product_cat-characters-balloon","16":"first","17":"instock","18":"shipping-taxable","19":"purchasable","20":"product-type-simple"},"_links":{"self":[{"href":"https:\/\/chuparty.vn\/index.php?rest_route=\/wp\/v2\/product\/9967","targetHints":{"allow":["GET"]}}],"collection":[{"href":"https:\/\/chuparty.vn\/index.php?rest_route=\/wp\/v2\/product"}],"about":[{"href":"https:\/\/chuparty.vn\/index.php?rest_route=\/wp\/v2\/types\/product"}],"replies":[{"embeddable":true,"href":"https:\/\/chuparty.vn\/index.php?rest_route=%2Fwp%2Fv2%2Fcomments&post=9967"}],"wp:featuredmedia":[{"embeddable":true,"href":"https:\/\/chuparty.vn\/index.php?rest_route=\/wp\/v2\/media\/9969"}],"wp:attachment":[{"href":"https:\/\/chuparty.vn\/index.php?rest_route=%2Fwp%2Fv2%2Fmedia&parent=9967"}],"wp:term":[{"taxonomy":"product_cat","embeddable":true,"href":"https:\/\/chuparty.vn\/index.php?rest_route=%2Fwp%2Fv2%2Fproduct_cat&post=9967"},{"taxonomy":"product_tag","embeddable":true,"href":"https:\/\/chuparty.vn\/index.php?rest_route=%2Fwp%2Fv2%2Fproduct_tag&post=9967"}],"curies":[{"name":"wp","href":"https:\/\/api.w.org\/{rel}","templated":true}]}}