{"id":9665,"date":"2024-12-03T17:27:36","date_gmt":"2024-12-03T10:27:36","guid":{"rendered":"https:\/\/chuparty.vn\/?post_type=product&#038;p=9665"},"modified":"2025-11-19T14:51:42","modified_gmt":"2025-11-19T07:51:42","slug":"combo-phu-kien-new-year-10-pax","status":"publish","type":"product","link":"https:\/\/chuparty.vn\/?product=combo-phu-kien-new-year-10-pax","title":{"rendered":"COMBO PH\u1ee4 KI\u1ec6N NEW YEAR (10 PAX)"},"content":{"rendered":"<p><strong>Chi ti\u1ebft s\u1ea3n ph\u1ea9m:<br \/>\n<\/strong>Qui c\u00e1ch \u0111\u00f3ng g\u00f3i: 20 pcs\/t\u00fai. G\u1ed3m:<br \/>\n+ 5 n\u00f3n Happy New year<br \/>\n+ 5 b\u0103ng \u0111\u00f4 Happy New year<br \/>\n+ 5 k\u00e8n tua rua<br \/>\n+ 5 k\u00e8n loa HPNY<strong><br \/>\n<\/strong>Ch\u1ea5t li\u1ec7u: gi\u1ea5y, nh\u01b0a<br \/>\nM\u00e0u s\u1eafc: \u0111en, gold \u00e1nh kim<br \/>\nK\u00edch th\u01b0\u1edbc \u0111\u00f3ng g\u00f3i: *cm<\/p>\n","protected":false},"excerpt":{"rendered":"<p>Chi ti\u1ebft s\u1ea3n ph\u1ea9m: Qui c\u00e1ch \u0111\u00f3ng g\u00f3i: 20 pcs\/t\u00fai. G\u1ed3m: + 5 n\u00f3n Happy New year + 5 b\u0103ng \u0111\u00f4 Happy New year + 5 k\u00e8n tua rua + 5 k\u00e8n loa HPNY Ch\u1ea5t li\u1ec7u: gi\u1ea5y, nh\u01b0a M\u00e0u s\u1eafc: \u0111en, gold \u00e1nh kim K\u00edch th\u01b0\u1edbc \u0111\u00f3ng g\u00f3i: *cm<\/p>\n","protected":false},"featured_media":9609,"comment_status":"open","ping_status":"closed","template":"","meta":[],"product_cat":[109,467],"product_tag":[],"class_list":{"0":"post-9665","1":"product","2":"type-product","3":"status-publish","4":"has-post-thumbnail","6":"product_cat-new-year","7":"product_cat-non-phu-kien-new-year","9":"first","10":"instock","11":"sale","12":"shipping-taxable","13":"purchasable","14":"product-type-simple"},"_links":{"self":[{"href":"https:\/\/chuparty.vn\/index.php?rest_route=\/wp\/v2\/product\/9665","targetHints":{"allow":["GET"]}}],"collection":[{"href":"https:\/\/chuparty.vn\/index.php?rest_route=\/wp\/v2\/product"}],"about":[{"href":"https:\/\/chuparty.vn\/index.php?rest_route=\/wp\/v2\/types\/product"}],"replies":[{"embeddable":true,"href":"https:\/\/chuparty.vn\/index.php?rest_route=%2Fwp%2Fv2%2Fcomments&post=9665"}],"wp:featuredmedia":[{"embeddable":true,"href":"https:\/\/chuparty.vn\/index.php?rest_route=\/wp\/v2\/media\/9609"}],"wp:attachment":[{"href":"https:\/\/chuparty.vn\/index.php?rest_route=%2Fwp%2Fv2%2Fmedia&parent=9665"}],"wp:term":[{"taxonomy":"product_cat","embeddable":true,"href":"https:\/\/chuparty.vn\/index.php?rest_route=%2Fwp%2Fv2%2Fproduct_cat&post=9665"},{"taxonomy":"product_tag","embeddable":true,"href":"https:\/\/chuparty.vn\/index.php?rest_route=%2Fwp%2Fv2%2Fproduct_tag&post=9665"}],"curies":[{"name":"wp","href":"https:\/\/api.w.org\/{rel}","templated":true}]}}