{"id":9173,"date":"2024-08-08T12:02:15","date_gmt":"2024-08-08T05:02:15","guid":{"rendered":"https:\/\/chuparty.vn\/?post_type=product&#038;p=9173"},"modified":"2026-02-24T14:41:17","modified_gmt":"2026-02-24T07:41:17","slug":"combo-bong-handmade-mau-hong","status":"publish","type":"product","link":"https:\/\/chuparty.vn\/?product=combo-bong-handmade-mau-hong","title":{"rendered":"COMBO B\u00d3NG TRANG TR\u00cd TI\u1ec6C G\u1ea4U H\u1ed2NG (6pcs)"},"content":{"rendered":"<p><strong>COMBO B\u00d3NG TRANG TR\u00cd TI\u1ec6C CH\u1ee6 \u0110\u1ec0 G\u1ea4U H\u1ed2NG &#8211;<\/strong><span class=\"pq6dq46d tbxw36s4 knj5qynh kvgmc6g5 ditlmg2l oygrvhab nvdbi5me sf5mxxl7 gl3lb2sf hhz5lgdu\">\u00a0 G\u1ed3m :<\/span><\/p>\n<p>* 1 D\u00e2y ch\u1eef <strong>Happy Birthday<\/strong> m\u00e0u pastel<br \/>\n* 1 D\u00e2y Garland ch\u1ee7 \u0111\u1ec1 Princess (kh\u00e1c m\u1eabu trong h\u00ecnh)<br \/>\n*\u00a0 1 B\u00f3ng s\u1ed1 m\u00e0u h\u1ed3ng pastel size 100cm<br \/>\n* 1 B\u00f3ng G\u1ea5u h\u1ed3ng c\u1ea7m b\u00e1nh sinh nh\u1eadt<br \/>\n* 1 Sash \u0111eo vai Happy Birthday<br \/>\n* 1 N\u00f3n v\u1ea3i Korea<\/p>\n<p><strong>L\u01afU \u00dd: <\/strong>+ Ch\u01b0a bao g\u1ed3m m\u1eaft k\u00ednh, c\u1eafm b\u00e1nh HPBD, b\u00f3ng h\u00ecnh n\u01a1 h\u1ed3ng<br \/>\n+ B\u00f3ng giao \u1edf tr\u1ea1ng th\u00e1i ch\u01b0a b\u01a1m, c\u00f3 th\u1ec3 mua th\u00eam 1 \u0111\u1ed3 b\u01a1m tay \u0111\u1ec3 c\u00f3 th\u1ec3 t\u1ef1 tay b\u01a1m b\u00f3ng v\u00e0 set up t\u1ea1i nh\u00e0.<strong><br \/>\n<\/strong>\u00a0 \u00a0 \u00a0 \u00a0 \u00a0 \u00a0 \u00a0+ Gi\u00e1 s\u1ea3n ph\u1ea9m ch\u01b0a bao g\u1ed3m ph\u00ed giao h\u00e0ng.<\/p>\n","protected":false},"excerpt":{"rendered":"<p>COMBO B\u00d3NG TRANG TR\u00cd TI\u1ec6C CH\u1ee6 \u0110\u1ec0 G\u1ea4U H\u1ed2NG &#8211;\u00a0 G\u1ed3m : * 1 D\u00e2y ch\u1eef Happy Birthday m\u00e0u pastel * 1 D\u00e2y Garland ch\u1ee7 \u0111\u1ec1 Princess (kh\u00e1c m\u1eabu trong h\u00ecnh) *\u00a0 1 B\u00f3ng s\u1ed1 m\u00e0u h\u1ed3ng pastel size 100cm * 1 B\u00f3ng G\u1ea5u h\u1ed3ng c\u1ea7m b\u00e1nh sinh nh\u1eadt * 1 Sash \u0111eo vai Happy [&hellip;]<\/p>\n","protected":false},"featured_media":10160,"comment_status":"open","ping_status":"closed","template":"","meta":[],"product_cat":[508],"product_tag":[],"class_list":{"0":"post-9173","1":"product","2":"type-product","3":"status-publish","4":"has-post-thumbnail","6":"product_cat-combo-bong-handmade","8":"first","9":"instock","10":"shipping-taxable","11":"purchasable","12":"product-type-simple"},"_links":{"self":[{"href":"https:\/\/chuparty.vn\/index.php?rest_route=\/wp\/v2\/product\/9173","targetHints":{"allow":["GET"]}}],"collection":[{"href":"https:\/\/chuparty.vn\/index.php?rest_route=\/wp\/v2\/product"}],"about":[{"href":"https:\/\/chuparty.vn\/index.php?rest_route=\/wp\/v2\/types\/product"}],"replies":[{"embeddable":true,"href":"https:\/\/chuparty.vn\/index.php?rest_route=%2Fwp%2Fv2%2Fcomments&post=9173"}],"wp:featuredmedia":[{"embeddable":true,"href":"https:\/\/chuparty.vn\/index.php?rest_route=\/wp\/v2\/media\/10160"}],"wp:attachment":[{"href":"https:\/\/chuparty.vn\/index.php?rest_route=%2Fwp%2Fv2%2Fmedia&parent=9173"}],"wp:term":[{"taxonomy":"product_cat","embeddable":true,"href":"https:\/\/chuparty.vn\/index.php?rest_route=%2Fwp%2Fv2%2Fproduct_cat&post=9173"},{"taxonomy":"product_tag","embeddable":true,"href":"https:\/\/chuparty.vn\/index.php?rest_route=%2Fwp%2Fv2%2Fproduct_tag&post=9173"}],"curies":[{"name":"wp","href":"https:\/\/api.w.org\/{rel}","templated":true}]}}