{"id":884,"date":"2022-01-26T01:56:05","date_gmt":"2022-01-25T18:56:05","guid":{"rendered":"https:\/\/chuparty.vn\/?post_type=product&#038;p=884"},"modified":"2026-01-15T15:17:48","modified_gmt":"2026-01-15T08:17:48","slug":"bong-nhom-so-0-9","status":"publish","type":"product","link":"https:\/\/chuparty.vn\/?product=bong-nhom-so-0-9","title":{"rendered":"B\u00d3NG S\u1ed0 0-9 SIZE 75cm &#8211; C\u00c1C M\u00c0U"},"content":{"rendered":"<p><strong>Chi ti\u1ebft s\u1ea3n ph\u1ea9m: b\u00f3ng s\u1ed1 0 \u2013 9\u00a0<\/strong><\/p>\n<ul>\n<li>K\u00edch th\u01b0\u1edbc: m\u1ed7i k\u00fd t\u1ef1 32in ~ 75cm (k\u00edch th\u01b0\u1edbc sau khi b\u01a1m b\u00f3ng kho\u1ea3ng 70cm)<\/li>\n<li>Ch\u1ea5t li\u1ec7u: nh\u00f4m ki\u1ebfng<\/li>\n<li>C\u00e1ch th\u1ee9c \u0111\u00f3ng g\u00f3i : 1 b\u00f3ng\/t\u00fai + \u1ed1ng h\u00fat.<\/li>\n<li>M\u00c0U S\u1eaeC: \u0110en, B\u1ea1c, Gold, Rosegold, \u0110\u1ecf, Xanh, H\u1ed3ng, Cream v\u00e0 Caramel<br \/>\n(B\u00f3ng giao \u1edf tr\u1ea1ng th\u00e1i ch\u01b0a b\u01a1m, c\u00f3 th\u1ec3 th\u1ed5i b\u00f3ng ch\u1eef b\u1eb1ng \u1ed1ng h\u00fat ho\u1eb7c \u0111\u1ed3 b\u01a1m tay)<img loading=\"lazy\" decoding=\"async\" class=\"alignnone wp-image-3592\" src=\"https:\/\/chuparty.vn\/wp-content\/uploads\/2022\/07\/72526517_1771510859659213_305844578198487040_n.jpg\" alt=\"\" width=\"316\" height=\"240\" \/><\/li>\n<\/ul>\n","protected":false},"excerpt":{"rendered":"<p><strong>Th\u00f4ng tin s\u1ea3n ph\u1ea9m<\/strong><\/p>\n<ul>\n<li>K\u00edch th\u01b0\u1edbc sau khi b\u01a1m b\u00f3ng: Cao 70cm<\/li>\n<li>C\u00e1ch th\u1ee9c \u0111\u00f3ng g\u00f3i: 01 c\u00e1i<\/li>\n<\/ul>\n","protected":false},"featured_media":8202,"comment_status":"open","ping_status":"closed","template":"","meta":[],"product_cat":[492,491,501,103,264,262,256,329,258,265,363,268,315,101,260,102,338,340,254,266,269,259,45,68,84],"product_tag":[69,204],"class_list":{"0":"post-884","1":"product","2":"type-product","3":"status-publish","4":"has-post-thumbnail","6":"product_cat-black-white","7":"product_cat-macaron","8":"product_cat-sport","9":"product_cat-daisy","10":"product_cat-dinosaur","11":"product_cat-farm","12":"product_cat-fire-fighter","13":"product_cat-frozen","14":"product_cat-galaxy","15":"product_cat-mermaid","16":"product_cat-mickey-minnie","17":"product_cat-princess","18":"product_cat-race-car","19":"product_cat-rainbow","20":"product_cat-safari","21":"product_cat-smile-face","22":"product_cat-super-hero","23":"product_cat-sweetie","24":"product_cat-truck","25":"product_cat-under-the-sea","26":"product_cat-unicorn","27":"product_cat-wooden-land","28":"product_cat-bong-bong","29":"product_cat-bong-nhom","30":"product_cat-bong-so","31":"product_tag-bong-nhom","32":"product_tag-bong-so","33":"pa_mau-sac-bac","34":"pa_mau-sac-den","35":"pa_mau-sac-do","36":"pa_mau-sac-gold","37":"pa_mau-sac-hong","38":"pa_mau-sac-rose-gold","39":"pa_mau-sac-xanh","41":"first","42":"instock","43":"shipping-taxable","44":"purchasable","45":"product-type-variable"},"_links":{"self":[{"href":"https:\/\/chuparty.vn\/index.php?rest_route=\/wp\/v2\/product\/884","targetHints":{"allow":["GET"]}}],"collection":[{"href":"https:\/\/chuparty.vn\/index.php?rest_route=\/wp\/v2\/product"}],"about":[{"href":"https:\/\/chuparty.vn\/index.php?rest_route=\/wp\/v2\/types\/product"}],"replies":[{"embeddable":true,"href":"https:\/\/chuparty.vn\/index.php?rest_route=%2Fwp%2Fv2%2Fcomments&post=884"}],"wp:featuredmedia":[{"embeddable":true,"href":"https:\/\/chuparty.vn\/index.php?rest_route=\/wp\/v2\/media\/8202"}],"wp:attachment":[{"href":"https:\/\/chuparty.vn\/index.php?rest_route=%2Fwp%2Fv2%2Fmedia&parent=884"}],"wp:term":[{"taxonomy":"product_cat","embeddable":true,"href":"https:\/\/chuparty.vn\/index.php?rest_route=%2Fwp%2Fv2%2Fproduct_cat&post=884"},{"taxonomy":"product_tag","embeddable":true,"href":"https:\/\/chuparty.vn\/index.php?rest_route=%2Fwp%2Fv2%2Fproduct_tag&post=884"}],"curies":[{"name":"wp","href":"https:\/\/api.w.org\/{rel}","templated":true}]}}