{"id":7883,"date":"2024-01-24T12:07:01","date_gmt":"2024-01-24T05:07:01","guid":{"rendered":"https:\/\/chuparty.vn\/?post_type=product&#038;p=7883"},"modified":"2025-01-08T16:21:42","modified_gmt":"2025-01-08T09:21:42","slug":"tru-bong-trai-tim-4d","status":"publish","type":"product","link":"https:\/\/chuparty.vn\/?product=tru-bong-trai-tim-4d","title":{"rendered":"TR\u1ee4 B\u00d3NG HANDMADE TR\u00c1I TIM"},"content":{"rendered":"<p><strong>TR\u1ee4 B\u00d3NG HANDMADE TR\u00c1I TIM \u2013 <\/strong><span class=\"pq6dq46d tbxw36s4 knj5qynh kvgmc6g5 ditlmg2l oygrvhab nvdbi5me sf5mxxl7 gl3lb2sf hhz5lgdu\">Ph\u00f9 h\u1ee3p cho c\u00e1c bu\u1ed5i H\u1eb9n h\u00f2, C\u1ea7u H\u00f4n, Valentine&#8217;s Day ho\u1eb7c \u0111\u01a1n gi\u1ea3n l\u00e0 bu\u1ed5i ti\u1ec7c sinh nh\u1eadt c\u1ee7a ng\u01b0\u1eddi th\u01b0\u01a1ng.<\/span><\/p>\n<ul>\n<li dir=\"auto\"><span class=\"pq6dq46d tbxw36s4 knj5qynh kvgmc6g5 ditlmg2l oygrvhab nvdbi5me sf5mxxl7 gl3lb2sf hhz5lgdu\">M\u00e0u s\u1eafc: theo tone m\u00e0u t\u00f9y ch\u1ecdn.<\/span><\/li>\n<li dir=\"auto\"><span class=\"pq6dq46d tbxw36s4 knj5qynh kvgmc6g5 ditlmg2l oygrvhab nvdbi5me sf5mxxl7 gl3lb2sf hhz5lgdu\">K\u00edch th\u01b0\u1edbc: 1,2M<br \/>\n<\/span><\/li>\n<li dir=\"auto\">S\u1ebd \u0111\u1eb9p h\u01a1n khi k\u1ebft h\u1ee3p Tr\u1ee5 B\u00f3ng Tr\u00e1i Tim v\u1edbi D\u00e2y ch\u1eef Happy Valentine&#8217;s Day ho\u1eb7c D\u00e2y C\u1edd I LOVE YOU v\u00e0 c\u00e1c m\u1eabu b\u00f3ng h\u00ecnh kh\u00e1ch c\u00f9ng ch\u1ee7 \u0111\u1ec1.<\/li>\n<\/ul>\n<div dir=\"auto\"><span class=\"pq6dq46d tbxw36s4 knj5qynh kvgmc6g5 ditlmg2l oygrvhab nvdbi5me sf5mxxl7 gl3lb2sf hhz5lgdu\">+\u00a0<\/span>Gi\u00e1 s\u1ea3n ph\u1ea9m ch\u01b0a bao g\u1ed3m ph\u00ed giao h\u00e0ng, \u0111\u1ec3 \u0111\u1ea3m b\u1ea3o an to\u00e0n cho b\u00f3ng, Chu ch\u1ec9 giao b\u1eb1ng grab car\/taxi ho\u1eb7c b\u1ea1n c\u00f3 th\u1ec3 nh\u1eadn b\u00f3ng t\u1ea1i C\u1eeda h\u00e0ng.<br \/>\n+ B\u00f3ng \u0111\u1eb9p nh\u1ea5t trong kho\u1ea3ng 6-8 ti\u1ebfng \u0111\u1ea7u ti\u00ean, trong th\u1eddi gian n\u00e0y b\u00f3ng s\u1ebd lu\u00f4n s\u00e1ng \u0111\u1eb9p.<br \/>\n+ H\u1ea1n ch\u1ebf \u0111\u1ec3 bong b\u00f3ng \u1edf ngo\u00e0i tr\u1eddi ho\u1eb7c n\u01a1i c\u00f3 nhi\u1ec7t \u0111\u1ed9 cao, g\u1ea7n m\u1eb7t tr\u1eddi ho\u1eb7c \u00e1nh \u0111\u00e8n n\u00f3ng s\u1ebd l\u00e0m v\u1ee1 b\u00f3ng.<\/div>\n","protected":false},"excerpt":{"rendered":"<p>TR\u1ee4 B\u00d3NG HANDMADE TR\u00c1I TIM \u2013 Ph\u00f9 h\u1ee3p cho c\u00e1c bu\u1ed5i H\u1eb9n h\u00f2, C\u1ea7u H\u00f4n, Valentine&#8217;s Day ho\u1eb7c \u0111\u01a1n gi\u1ea3n l\u00e0 bu\u1ed5i ti\u1ec7c sinh nh\u1eadt c\u1ee7a ng\u01b0\u1eddi th\u01b0\u01a1ng. M\u00e0u s\u1eafc: theo tone m\u00e0u t\u00f9y ch\u1ecdn. K\u00edch th\u01b0\u1edbc: 1,2M S\u1ebd \u0111\u1eb9p h\u01a1n khi k\u1ebft h\u1ee3p Tr\u1ee5 B\u00f3ng Tr\u00e1i Tim v\u1edbi D\u00e2y ch\u1eef Happy Valentine&#8217;s Day ho\u1eb7c [&hellip;]<\/p>\n","protected":false},"featured_media":7885,"comment_status":"open","ping_status":"closed","template":"","meta":[],"product_cat":[213,482,366,376],"product_tag":[181,212,342],"class_list":{"0":"post-7883","1":"product","2":"type-product","3":"status-publish","4":"has-post-thumbnail","6":"product_cat-love-wedding-anniversary","7":"product_cat-bong-bay-cho-tiec-cau-hon","8":"product_cat-combo-bong-tru-handmade","9":"product_cat-tru-bong-handmade","10":"product_tag-love","11":"product_tag-valentine","12":"product_tag-wedding","14":"first","15":"instock","16":"shipping-taxable","17":"purchasable","18":"product-type-simple"},"_links":{"self":[{"href":"https:\/\/chuparty.vn\/index.php?rest_route=\/wp\/v2\/product\/7883","targetHints":{"allow":["GET"]}}],"collection":[{"href":"https:\/\/chuparty.vn\/index.php?rest_route=\/wp\/v2\/product"}],"about":[{"href":"https:\/\/chuparty.vn\/index.php?rest_route=\/wp\/v2\/types\/product"}],"replies":[{"embeddable":true,"href":"https:\/\/chuparty.vn\/index.php?rest_route=%2Fwp%2Fv2%2Fcomments&post=7883"}],"wp:featuredmedia":[{"embeddable":true,"href":"https:\/\/chuparty.vn\/index.php?rest_route=\/wp\/v2\/media\/7885"}],"wp:attachment":[{"href":"https:\/\/chuparty.vn\/index.php?rest_route=%2Fwp%2Fv2%2Fmedia&parent=7883"}],"wp:term":[{"taxonomy":"product_cat","embeddable":true,"href":"https:\/\/chuparty.vn\/index.php?rest_route=%2Fwp%2Fv2%2Fproduct_cat&post=7883"},{"taxonomy":"product_tag","embeddable":true,"href":"https:\/\/chuparty.vn\/index.php?rest_route=%2Fwp%2Fv2%2Fproduct_tag&post=7883"}],"curies":[{"name":"wp","href":"https:\/\/api.w.org\/{rel}","templated":true}]}}