{"id":7698,"date":"2023-12-25T17:14:22","date_gmt":"2023-12-25T10:14:22","guid":{"rendered":"https:\/\/chuparty.vn\/?post_type=product&#038;p=7698"},"modified":"2025-11-26T15:39:46","modified_gmt":"2025-11-26T08:39:46","slug":"combo-bong-happy-new-year-ms02","status":"publish","type":"product","link":"https:\/\/chuparty.vn\/?product=combo-bong-happy-new-year-ms02","title":{"rendered":"COMBO B\u00d3NG HAPPY NEW YEAR 2026 -MS02"},"content":{"rendered":"<p><strong>Chi ti\u1ebft s\u1ea3n ph\u1ea9m: B\u1ed9 Trang tr\u00ed Happy New Year 2026 &#8211; MS02<\/strong><\/p>\n<ul>\n<li>K\u00edch th\u01b0\u1edbc:\u00a0 cm<\/li>\n<li>Ch\u1ea5t li\u1ec7u: nh\u00f4m k\u00ednh, gi\u1ea5y<\/li>\n<li>Qui c\u00e1ch \u0111\u00f3ng g\u00f3i: 1 b\u00f3ng \/ t\u00fai.<\/li>\n<li>G\u1ed3m:<br \/>\n1 D\u00e2y &#8220;Hello 2026 gold nh\u0169&#8221;<br \/>\n1 D\u00e2y &#8220;happy new year&#8221; gold \u00e1nh kim<br \/>\n1 D\u00e2y garland sao gold \u00e1nh kim<br \/>\n4 B\u00f3ng h\u00ecnh ch\u1ee7 \u0111\u1ec1 New Year : Sao gold, H\u1ed9p qu\u00e0 v\u00e0 N\u00f3n N\u1ed3i, N\u00f3n Ch\u00f3p Happy New year<br \/>\n1 cu\u1ed9n keo d\u00e1n b\u00f3ng<strong>\u2013&gt;<\/strong>\u00a0B\u00f3ng \u0111\u01b0\u1ee3c giao \u1edf tr\u1ea1ng th\u00e1i ch\u01b0a b\u01a1m, b\u00f3ng c\u00f3 th\u1ec3 b\u01a1m b\u1eb1ng m\u00e1y b\u01a1m\/b\u01a1m tay ho\u1eb7c kh\u00ed helium t\u00f9y theo nhu c\u1ea7u s\u1eed d\u1ee5ng.<br \/>\n<strong>\u2013&gt;<\/strong>\u00a0N\u1ebfu b\u1ea1n c\u00f3 y\u00eau c\u1ea7u b\u01a1m kh\u00ed helium \u0111\u1ec3 b\u00f3ng bay l\u01a1 l\u1eedng, vui l\u00f2ng li\u00ean h\u1ec7 v\u1edbi nh\u00e2n vi\u00ean b\u00e1n h\u00e0ng \u0111\u1ec3 \u0111\u01b0\u1ee3c t\u01b0 v\u1ea5n v\u00e0 b\u00e1o gi\u00e1.<\/li>\n<\/ul>\n","protected":false},"excerpt":{"rendered":"<p>Chi ti\u1ebft s\u1ea3n ph\u1ea9m: B\u1ed9 Trang tr\u00ed Happy New Year 2026 &#8211; MS02 K\u00edch th\u01b0\u1edbc:\u00a0 cm Ch\u1ea5t li\u1ec7u: nh\u00f4m k\u00ednh, gi\u1ea5y Qui c\u00e1ch \u0111\u00f3ng g\u00f3i: 1 b\u00f3ng \/ t\u00fai. G\u1ed3m: 1 D\u00e2y &#8220;Hello 2026 gold nh\u0169&#8221; 1 D\u00e2y &#8220;happy new year&#8221; gold \u00e1nh kim 1 D\u00e2y garland sao gold \u00e1nh kim 4 B\u00f3ng h\u00ecnh ch\u1ee7 [&hellip;]<\/p>\n","protected":false},"featured_media":9744,"comment_status":"open","ping_status":"closed","template":"","meta":[],"product_cat":[109,468,466],"product_tag":[30],"class_list":{"0":"post-7698","1":"product","2":"type-product","3":"status-publish","4":"has-post-thumbnail","6":"product_cat-new-year","7":"product_cat-banner-garland-new-year","8":"product_cat-bong-bong-new-year","9":"product_tag-new-year","11":"first","12":"instock","13":"sale","14":"shipping-taxable","15":"purchasable","16":"product-type-simple"},"_links":{"self":[{"href":"https:\/\/chuparty.vn\/index.php?rest_route=\/wp\/v2\/product\/7698","targetHints":{"allow":["GET"]}}],"collection":[{"href":"https:\/\/chuparty.vn\/index.php?rest_route=\/wp\/v2\/product"}],"about":[{"href":"https:\/\/chuparty.vn\/index.php?rest_route=\/wp\/v2\/types\/product"}],"replies":[{"embeddable":true,"href":"https:\/\/chuparty.vn\/index.php?rest_route=%2Fwp%2Fv2%2Fcomments&post=7698"}],"wp:featuredmedia":[{"embeddable":true,"href":"https:\/\/chuparty.vn\/index.php?rest_route=\/wp\/v2\/media\/9744"}],"wp:attachment":[{"href":"https:\/\/chuparty.vn\/index.php?rest_route=%2Fwp%2Fv2%2Fmedia&parent=7698"}],"wp:term":[{"taxonomy":"product_cat","embeddable":true,"href":"https:\/\/chuparty.vn\/index.php?rest_route=%2Fwp%2Fv2%2Fproduct_cat&post=7698"},{"taxonomy":"product_tag","embeddable":true,"href":"https:\/\/chuparty.vn\/index.php?rest_route=%2Fwp%2Fv2%2Fproduct_tag&post=7698"}],"curies":[{"name":"wp","href":"https:\/\/api.w.org\/{rel}","templated":true}]}}