{"id":7518,"date":"2023-11-23T17:33:19","date_gmt":"2023-11-23T10:33:19","guid":{"rendered":"https:\/\/chuparty.vn\/?post_type=product&#038;p=7518"},"modified":"2025-01-07T14:01:18","modified_gmt":"2025-01-07T07:01:18","slug":"day-chu-happy-new-year-anh-kim","status":"publish","type":"product","link":"https:\/\/chuparty.vn\/?product=day-chu-happy-new-year-anh-kim","title":{"rendered":"D\u00c2Y CH\u1eee HAPPY NEW YEAR \u00c1NH KIM"},"content":{"rendered":"<p><strong>Chi ti\u1ebft s\u1ea3n ph\u1ea9m<\/strong><\/p>\n<ul>\n<li>K\u00edch th\u01b0\u1edbc: 17cm * 7cm<\/li>\n<li>Ch\u1ea5t li\u1ec7u:gold \u00e1nh kim<\/li>\n<li>M\u00e0u s\u1eafc: GOLD<\/li>\n<li>C\u00e1ch th\u1ee9c \u0111\u00f3ng g\u00f3i : m\u1ed9t B\u1ed8 12 K\u00dd T\u1ef0<\/li>\n<\/ul>\n","protected":false},"excerpt":{"rendered":"<p>Chi ti\u1ebft s\u1ea3n ph\u1ea9m K\u00edch th\u01b0\u1edbc: 17cm * 7cm Ch\u1ea5t li\u1ec7u:gold \u00e1nh kim M\u00e0u s\u1eafc: GOLD C\u00e1ch th\u1ee9c \u0111\u00f3ng g\u00f3i : m\u1ed9t B\u1ed8 12 K\u00dd T\u1ef0<\/p>\n","protected":false},"featured_media":9744,"comment_status":"open","ping_status":"closed","template":"","meta":[],"product_cat":[109,468],"product_tag":[30],"class_list":{"0":"post-7518","1":"product","2":"type-product","3":"status-publish","4":"has-post-thumbnail","6":"product_cat-new-year","7":"product_cat-banner-garland-new-year","8":"product_tag-new-year","10":"first","11":"instock","12":"shipping-taxable","13":"purchasable","14":"product-type-simple"},"_links":{"self":[{"href":"https:\/\/chuparty.vn\/index.php?rest_route=\/wp\/v2\/product\/7518","targetHints":{"allow":["GET"]}}],"collection":[{"href":"https:\/\/chuparty.vn\/index.php?rest_route=\/wp\/v2\/product"}],"about":[{"href":"https:\/\/chuparty.vn\/index.php?rest_route=\/wp\/v2\/types\/product"}],"replies":[{"embeddable":true,"href":"https:\/\/chuparty.vn\/index.php?rest_route=%2Fwp%2Fv2%2Fcomments&post=7518"}],"wp:featuredmedia":[{"embeddable":true,"href":"https:\/\/chuparty.vn\/index.php?rest_route=\/wp\/v2\/media\/9744"}],"wp:attachment":[{"href":"https:\/\/chuparty.vn\/index.php?rest_route=%2Fwp%2Fv2%2Fmedia&parent=7518"}],"wp:term":[{"taxonomy":"product_cat","embeddable":true,"href":"https:\/\/chuparty.vn\/index.php?rest_route=%2Fwp%2Fv2%2Fproduct_cat&post=7518"},{"taxonomy":"product_tag","embeddable":true,"href":"https:\/\/chuparty.vn\/index.php?rest_route=%2Fwp%2Fv2%2Fproduct_tag&post=7518"}],"curies":[{"name":"wp","href":"https:\/\/api.w.org\/{rel}","templated":true}]}}