{"id":7423,"date":"2023-11-05T22:17:01","date_gmt":"2023-11-05T15:17:01","guid":{"rendered":"https:\/\/chuparty.vn\/?post_type=product&#038;p=7423"},"modified":"2026-01-15T10:32:05","modified_gmt":"2026-01-15T03:32:05","slug":"mat-kinh-christmas","status":"publish","type":"product","link":"https:\/\/chuparty.vn\/?product=mat-kinh-christmas","title":{"rendered":"M\u1eaeT K\u00cdNH CHRISTMAS"},"content":{"rendered":"<p><strong>Chi ti\u1ebft s\u1ea3n ph\u1ea9m:<\/strong> M\u1eaft k\u00ednh Gi\u00e1ng Sinh cho bu\u1ed5i ti\u1ec7c th\u00eam ph\u1ea7n s\u00f4i \u0111\u1ed9ng.<\/p>\n<ul>\n<li>K\u00edch th\u01b0\u1edbc:<\/li>\n<li>Ch\u1ea5t li\u1ec7u:\u00a0 nh\u1ef1a,<\/li>\n<li>M\u00e0u s\u1eafc: ng\u01b0\u1eddi tuy\u1ebft, m\u0169 gi\u00e1ng sinh \u0111\u1ecf, c\u00e2y th\u00f4ng<\/li>\n<li>C\u00e1ch th\u1ee9c \u0111\u00f3ng g\u00f3i : 1 c\u00e1i\/t\u00fai<\/li>\n<\/ul>\n","protected":false},"excerpt":{"rendered":"<p>Chi ti\u1ebft s\u1ea3n ph\u1ea9m: M\u1eaft k\u00ednh Gi\u00e1ng Sinh cho bu\u1ed5i ti\u1ec7c th\u00eam ph\u1ea7n s\u00f4i \u0111\u1ed9ng. K\u00edch th\u01b0\u1edbc: Ch\u1ea5t li\u1ec7u:\u00a0 nh\u1ef1a, M\u00e0u s\u1eafc: ng\u01b0\u1eddi tuy\u1ebft, m\u0169 gi\u00e1ng sinh \u0111\u1ecf, c\u00e2y th\u00f4ng C\u00e1ch th\u1ee9c \u0111\u00f3ng g\u00f3i : 1 c\u00e1i\/t\u00fai<\/p>\n","protected":false},"featured_media":7424,"comment_status":"open","ping_status":"closed","template":"","meta":[],"product_cat":[322,424,141],"product_tag":[323],"class_list":{"0":"post-7423","1":"product","2":"type-product","3":"status-publish","4":"has-post-thumbnail","6":"product_cat-christmas","7":"product_cat-non-phu-kien-xmas","8":"product_cat-mat-kinh-tiec","9":"product_tag-christmas","11":"first","12":"instock","13":"shipping-taxable","14":"purchasable","15":"product-type-simple"},"_links":{"self":[{"href":"https:\/\/chuparty.vn\/index.php?rest_route=\/wp\/v2\/product\/7423","targetHints":{"allow":["GET"]}}],"collection":[{"href":"https:\/\/chuparty.vn\/index.php?rest_route=\/wp\/v2\/product"}],"about":[{"href":"https:\/\/chuparty.vn\/index.php?rest_route=\/wp\/v2\/types\/product"}],"replies":[{"embeddable":true,"href":"https:\/\/chuparty.vn\/index.php?rest_route=%2Fwp%2Fv2%2Fcomments&post=7423"}],"wp:featuredmedia":[{"embeddable":true,"href":"https:\/\/chuparty.vn\/index.php?rest_route=\/wp\/v2\/media\/7424"}],"wp:attachment":[{"href":"https:\/\/chuparty.vn\/index.php?rest_route=%2Fwp%2Fv2%2Fmedia&parent=7423"}],"wp:term":[{"taxonomy":"product_cat","embeddable":true,"href":"https:\/\/chuparty.vn\/index.php?rest_route=%2Fwp%2Fv2%2Fproduct_cat&post=7423"},{"taxonomy":"product_tag","embeddable":true,"href":"https:\/\/chuparty.vn\/index.php?rest_route=%2Fwp%2Fv2%2Fproduct_tag&post=7423"}],"curies":[{"name":"wp","href":"https:\/\/api.w.org\/{rel}","templated":true}]}}