{"id":7412,"date":"2023-11-05T22:06:55","date_gmt":"2023-11-05T15:06:55","guid":{"rendered":"https:\/\/chuparty.vn\/?post_type=product&#038;p=7412"},"modified":"2025-12-26T13:41:53","modified_gmt":"2025-12-26T06:41:53","slug":"bang-do-no-do-christmas","status":"publish","type":"product","link":"https:\/\/chuparty.vn\/?product=bang-do-no-do-christmas","title":{"rendered":"B\u0102NG \u0110\u00d4 N\u01a0 \u0110\u1ece &#8211; 2 M\u1eaaU"},"content":{"rendered":"<p><strong>Chi ti\u1ebft s\u1ea3n ph\u1ea9m:<\/strong> B\u0103ng \u0111\u00f4 N\u01a1 \u0110\u1ecf Christmas cho bu\u1ed5i ti\u1ec7c th\u00eam ph\u1ea7n s\u00f4i \u0111\u1ed9ng.<\/p>\n<ul>\n<li>K\u00edch th\u01b0\u1edbc:<\/li>\n<li>Ch\u1ea5t li\u1ec7u:\u00a0 nh\u1ef1a, ,v\u1ea3i m\u1ec1m<\/li>\n<li>M\u00e0u s\u1eafc: \u0111\u1ecf t\u01b0\u01a1i v\u00e0 \u0111\u1ecf r\u01b0\u1ee3u<\/li>\n<li>C\u00e1ch th\u1ee9c \u0111\u00f3ng g\u00f3i : 1 c\u00e1i\/t\u00fai<\/li>\n<\/ul>\n","protected":false},"excerpt":{"rendered":"<p>Chi ti\u1ebft s\u1ea3n ph\u1ea9m: B\u0103ng \u0111\u00f4 N\u01a1 \u0110\u1ecf Christmas cho bu\u1ed5i ti\u1ec7c th\u00eam ph\u1ea7n s\u00f4i \u0111\u1ed9ng. K\u00edch th\u01b0\u1edbc: Ch\u1ea5t li\u1ec7u:\u00a0 nh\u1ef1a, ,v\u1ea3i m\u1ec1m M\u00e0u s\u1eafc: \u0111\u1ecf t\u01b0\u01a1i v\u00e0 \u0111\u1ecf r\u01b0\u1ee3u C\u00e1ch th\u1ee9c \u0111\u00f3ng g\u00f3i : 1 c\u00e1i\/t\u00fai<\/p>\n","protected":false},"featured_media":7413,"comment_status":"open","ping_status":"closed","template":"","meta":[],"product_cat":[322,424,109,467,16,463],"product_tag":[323],"class_list":{"0":"post-7412","1":"product","2":"type-product","3":"status-publish","4":"has-post-thumbnail","6":"product_cat-christmas","7":"product_cat-non-phu-kien-xmas","8":"product_cat-new-year","9":"product_cat-non-phu-kien-new-year","10":"product_cat-phu-kien-trang-tri","11":"product_cat-bang-do-sash","12":"product_tag-christmas","14":"first","15":"instock","16":"shipping-taxable","17":"purchasable","18":"product-type-simple"},"_links":{"self":[{"href":"https:\/\/chuparty.vn\/index.php?rest_route=\/wp\/v2\/product\/7412","targetHints":{"allow":["GET"]}}],"collection":[{"href":"https:\/\/chuparty.vn\/index.php?rest_route=\/wp\/v2\/product"}],"about":[{"href":"https:\/\/chuparty.vn\/index.php?rest_route=\/wp\/v2\/types\/product"}],"replies":[{"embeddable":true,"href":"https:\/\/chuparty.vn\/index.php?rest_route=%2Fwp%2Fv2%2Fcomments&post=7412"}],"wp:featuredmedia":[{"embeddable":true,"href":"https:\/\/chuparty.vn\/index.php?rest_route=\/wp\/v2\/media\/7413"}],"wp:attachment":[{"href":"https:\/\/chuparty.vn\/index.php?rest_route=%2Fwp%2Fv2%2Fmedia&parent=7412"}],"wp:term":[{"taxonomy":"product_cat","embeddable":true,"href":"https:\/\/chuparty.vn\/index.php?rest_route=%2Fwp%2Fv2%2Fproduct_cat&post=7412"},{"taxonomy":"product_tag","embeddable":true,"href":"https:\/\/chuparty.vn\/index.php?rest_route=%2Fwp%2Fv2%2Fproduct_tag&post=7412"}],"curies":[{"name":"wp","href":"https:\/\/api.w.org\/{rel}","templated":true}]}}