{"id":7341,"date":"2023-10-31T10:49:18","date_gmt":"2023-10-31T03:49:18","guid":{"rendered":"https:\/\/chuparty.vn\/?post_type=product&#038;p=7341"},"modified":"2025-12-17T18:02:48","modified_gmt":"2025-12-17T11:02:48","slug":"ken-thoi-new-year-party","status":"publish","type":"product","link":"https:\/\/chuparty.vn\/?product=ken-thoi-new-year-party","title":{"rendered":"SET K\u00c8N TH\u1ed4I VUI NH\u1ed8N"},"content":{"rendered":"<p><strong>Chi ti\u1ebft s\u1ea3n ph\u1ea9m:<\/strong> s\u1ea3n ph\u1ea9m K\u00e8n Th\u1ed5i an to\u00e0n, vui nh\u1ed9n cho m\u1ecdi bu\u1ed5i ti\u1ec7c<\/p>\n<ul>\n<li>K\u00edch th\u01b0\u1edbc:<\/li>\n<li>Ch\u1ea5t li\u1ec7u: gi\u1ea5y, nh\u1ef1a<\/li>\n<li>M\u00e0u s\u1eafc: n\/a<\/li>\n<li>C\u00e1ch th\u1ee9c \u0111\u00f3ng g\u00f3i :<br \/>\n+ K\u00c8N L\u01af\u1ee0I V\u1ecaT :\u00a0 6 c\u00e1i\/t\u00fai<br \/>\n+ K\u00c8N LOA : 4 c\u00e1i\/ t\u00fai<br \/>\n+ K\u00c8N TH\u1ed4I TUA RUA: 6 c\u00e1i\/t\u00fai<br \/>\n+ K\u00c8N L\u01af\u1ee0I V\u1ecaT MACARON :\u00a0 8 c\u00e1i\/t\u00fai<\/li>\n<\/ul>\n","protected":false},"excerpt":{"rendered":"<p>Chi ti\u1ebft s\u1ea3n ph\u1ea9m: s\u1ea3n ph\u1ea9m K\u00e8n Th\u1ed5i an to\u00e0n, vui nh\u1ed9n cho m\u1ecdi bu\u1ed5i ti\u1ec7c K\u00edch th\u01b0\u1edbc: Ch\u1ea5t li\u1ec7u: gi\u1ea5y, nh\u1ef1a M\u00e0u s\u1eafc: n\/a C\u00e1ch th\u1ee9c \u0111\u00f3ng g\u00f3i : + K\u00c8N L\u01af\u1ee0I V\u1ecaT :\u00a0 6 c\u00e1i\/t\u00fai + K\u00c8N LOA : 4 c\u00e1i\/ t\u00fai + K\u00c8N TH\u1ed4I TUA RUA: 6 c\u00e1i\/t\u00fai + K\u00c8N L\u01af\u1ee0I V\u1ecaT [&hellip;]<\/p>\n","protected":false},"featured_media":7342,"comment_status":"open","ping_status":"closed","template":"","meta":[],"product_cat":[519,322,424,109,467,16],"product_tag":[323,30,472],"class_list":{"0":"post-7341","1":"product","2":"type-product","3":"status-publish","4":"has-post-thumbnail","6":"product_cat-ken-coi-thoi","7":"product_cat-christmas","8":"product_cat-non-phu-kien-xmas","9":"product_cat-new-year","10":"product_cat-non-phu-kien-new-year","11":"product_cat-phu-kien-trang-tri","12":"product_tag-christmas","13":"product_tag-new-year","14":"product_tag-party-decoration","16":"first","17":"outofstock","18":"shipping-taxable","19":"purchasable","20":"product-type-simple"},"_links":{"self":[{"href":"https:\/\/chuparty.vn\/index.php?rest_route=\/wp\/v2\/product\/7341","targetHints":{"allow":["GET"]}}],"collection":[{"href":"https:\/\/chuparty.vn\/index.php?rest_route=\/wp\/v2\/product"}],"about":[{"href":"https:\/\/chuparty.vn\/index.php?rest_route=\/wp\/v2\/types\/product"}],"replies":[{"embeddable":true,"href":"https:\/\/chuparty.vn\/index.php?rest_route=%2Fwp%2Fv2%2Fcomments&post=7341"}],"wp:featuredmedia":[{"embeddable":true,"href":"https:\/\/chuparty.vn\/index.php?rest_route=\/wp\/v2\/media\/7342"}],"wp:attachment":[{"href":"https:\/\/chuparty.vn\/index.php?rest_route=%2Fwp%2Fv2%2Fmedia&parent=7341"}],"wp:term":[{"taxonomy":"product_cat","embeddable":true,"href":"https:\/\/chuparty.vn\/index.php?rest_route=%2Fwp%2Fv2%2Fproduct_cat&post=7341"},{"taxonomy":"product_tag","embeddable":true,"href":"https:\/\/chuparty.vn\/index.php?rest_route=%2Fwp%2Fv2%2Fproduct_tag&post=7341"}],"curies":[{"name":"wp","href":"https:\/\/api.w.org\/{rel}","templated":true}]}}