{"id":7123,"date":"2023-10-01T10:12:55","date_gmt":"2023-10-01T03:12:55","guid":{"rendered":"https:\/\/chuparty.vn\/?post_type=product&#038;p=7123"},"modified":"2024-10-01T13:10:45","modified_gmt":"2024-10-01T06:10:45","slug":"day-garland-halloween","status":"publish","type":"product","link":"https:\/\/chuparty.vn\/?product=day-garland-halloween","title":{"rendered":"D\u00c2Y GARLAND HALLOWEEN &#8211; 5 M\u1eaaU"},"content":{"rendered":"<p><strong>Chi ti\u1ebft s\u1ea3n ph\u1ea9m:\u00a0<\/strong><\/p>\n<ul>\n<li>D\u00e2y Garland Halloween 5 m\u1eabu g\u1ed3m: b\u00ed ng\u00f4, \u0111\u1ea7u l\u00e2u, nh\u1ec7n, d\u01a1i, con ma<\/li>\n<li>K\u00edch th\u01b0\u1edbc: 17x17cm &#8211; D\u00e2y d\u00e0i 3m<\/li>\n<li>Ch\u1ea5t li\u1ec7u: GI\u1ea4Y<\/li>\n<li>Qui c\u00e1ch \u0111\u00f3ng g\u00f3i: 1 d\u00e2y \/ t\u00fai.<\/li>\n<li>M\u00e0u s\u1eafc: m\u00e0u \u0111en\/tr\u1eafng\/cam<\/li>\n<\/ul>\n","protected":false},"excerpt":{"rendered":"<p>Chi ti\u1ebft s\u1ea3n ph\u1ea9m:\u00a0 D\u00e2y Garland Halloween 5 m\u1eabu g\u1ed3m: b\u00ed ng\u00f4, \u0111\u1ea7u l\u00e2u, nh\u1ec7n, d\u01a1i, con ma K\u00edch th\u01b0\u1edbc: 17x17cm &#8211; D\u00e2y d\u00e0i 3m Ch\u1ea5t li\u1ec7u: GI\u1ea4Y Qui c\u00e1ch \u0111\u00f3ng g\u00f3i: 1 d\u00e2y \/ t\u00fai. M\u00e0u s\u1eafc: m\u00e0u \u0111en\/tr\u1eafng\/cam<\/p>\n","protected":false},"featured_media":7126,"comment_status":"open","ping_status":"closed","template":"","meta":[],"product_cat":[324,460],"product_tag":[149],"class_list":{"0":"post-7123","1":"product","2":"type-product","3":"status-publish","4":"has-post-thumbnail","6":"product_cat-halloween","7":"product_cat-phu-kien-halloween","8":"product_tag-halloween","10":"first","11":"instock","12":"shipping-taxable","13":"purchasable","14":"product-type-simple"},"_links":{"self":[{"href":"https:\/\/chuparty.vn\/index.php?rest_route=\/wp\/v2\/product\/7123","targetHints":{"allow":["GET"]}}],"collection":[{"href":"https:\/\/chuparty.vn\/index.php?rest_route=\/wp\/v2\/product"}],"about":[{"href":"https:\/\/chuparty.vn\/index.php?rest_route=\/wp\/v2\/types\/product"}],"replies":[{"embeddable":true,"href":"https:\/\/chuparty.vn\/index.php?rest_route=%2Fwp%2Fv2%2Fcomments&post=7123"}],"wp:featuredmedia":[{"embeddable":true,"href":"https:\/\/chuparty.vn\/index.php?rest_route=\/wp\/v2\/media\/7126"}],"wp:attachment":[{"href":"https:\/\/chuparty.vn\/index.php?rest_route=%2Fwp%2Fv2%2Fmedia&parent=7123"}],"wp:term":[{"taxonomy":"product_cat","embeddable":true,"href":"https:\/\/chuparty.vn\/index.php?rest_route=%2Fwp%2Fv2%2Fproduct_cat&post=7123"},{"taxonomy":"product_tag","embeddable":true,"href":"https:\/\/chuparty.vn\/index.php?rest_route=%2Fwp%2Fv2%2Fproduct_tag&post=7123"}],"curies":[{"name":"wp","href":"https:\/\/api.w.org\/{rel}","templated":true}]}}