{"id":6930,"date":"2023-08-22T11:17:57","date_gmt":"2023-08-22T04:17:57","guid":{"rendered":"https:\/\/chuparty.vn\/?post_type=product&#038;p=6930"},"modified":"2025-04-23T17:19:21","modified_gmt":"2025-04-23T10:19:21","slug":"dich-vu-trang-tri-set-up-mini-su02-2","status":"publish","type":"product","link":"https:\/\/chuparty.vn\/?product=dich-vu-trang-tri-set-up-mini-su02-2","title":{"rendered":"D\u1ecaCH V\u1ee4 TRANG TR\u00cd \u2013 SET UP HELIUM MS-02"},"content":{"rendered":"<ul>\n<li>G\u00f3i trang tr\u00ed \u2013 set up mini t\u1ea1i Chu Party \u0111\u01b0\u1ee3c thi\u1ebft k\u1ebf ph\u00f9 h\u1ee3p cho nh\u1eefng bu\u1ed5i ti\u1ec7c nh\u1ecf, \u1ea5m c\u00fang v\u00e0 nh\u1eefng bu\u1ed5i ti\u1ec7c Surprise, Sinh nh\u1eadt, C\u1ea7u h\u00f4n \u2026<\/li>\n<li>G\u1ed3m:<br \/>\n* 15 b\u00f3ng tr\u00e1i tim\/ng\u00f4i sao s\u1eed d\u1ee5ng kh\u00ed helium<br \/>\n*\u00a0 2 Line bong b\u00f3ng freestyle d\u1ea1ng tr\u1ee5 song song ho\u1eb7c ch\u1eef L<br \/>\n* 1 Banner ho\u1eb7c B\u1ed9 b\u00f3ng Happy Birthday<br \/>\n* 10 k\u00fd t\u1ef1 b\u00f3ng t\u00ean ch\u1ee7 ti\u1ec7c<br \/>\n* 2 Tr\u1ee5 b\u00f3ng s\u1ed1 ho\u1eb7c b\u00f3ng h\u00ecnh (t\u00f9y ch\u1ecdn)<br \/>\n* T\u1eb7ng b\u1ea1n 30 b\u00f3ng th\u1ea3 s\u00e0n c\u00f9ng m\u00e0u v\u1edbi line b\u00f3ng.<\/li>\n<li><strong>L\u01afU \u00dd: KH\u00d4NG BAO G\u1ed2M * 1 B\u00f3 hoa bong b\u00f3ng\u00a0 &#8211; C\u00e1c h\u1ea1ng m\u1ee5c set up vui l\u00f2ng \u0111\u1ecdc k\u1ef9 th\u00f4ng tin v\u00e0 x\u00e1c nh\u1eadn, ch\u1ed1t th\u00f4ng tin v\u1edbi t\u01b0 v\u1ea5n vi\u00ean.<\/strong><\/li>\n<li><strong>Set up \u0111\u01b0\u1ee3c th\u1ef1c hi\u1ec7n trong v\u00f2ng 2-3h, n\u1ebfu d\u1eddi l\u1ecbch vui l\u00f2ng b\u00e1o tr\u01b0\u1edbc 3-4h, n\u1ebfu kh\u00f4ng b\u00e1o ho\u1eb7c b\u00e1o ch\u1eadm h\u01a1n th\u1eddi gian tr\u00ean, xin ph\u00e9p h\u1ee7y \u0111\u01a1n kh\u00f4ng ho\u00e0n c\u1ecdc.<\/strong><\/li>\n<\/ul>\n<p>&nbsp;<\/p>\n","protected":false},"excerpt":{"rendered":"<p>G\u00f3i trang tr\u00ed \u2013 set up mini t\u1ea1i Chu Party \u0111\u01b0\u1ee3c thi\u1ebft k\u1ebf ph\u00f9 h\u1ee3p cho nh\u1eefng bu\u1ed5i ti\u1ec7c nh\u1ecf, \u1ea5m c\u00fang v\u00e0 nh\u1eefng bu\u1ed5i ti\u1ec7c Surprise, Sinh nh\u1eadt, C\u1ea7u h\u00f4n \u2026 G\u1ed3m: * 15 b\u00f3ng tr\u00e1i tim\/ng\u00f4i sao s\u1eed d\u1ee5ng kh\u00ed helium *\u00a0 2 Line bong b\u00f3ng freestyle d\u1ea1ng tr\u1ee5 song song ho\u1eb7c ch\u1eef [&hellip;]<\/p>\n","protected":false},"featured_media":6931,"comment_status":"open","ping_status":"closed","template":"","meta":[],"product_cat":[528,407],"product_tag":[409,408],"class_list":{"0":"post-6930","1":"product","2":"type-product","3":"status-publish","4":"has-post-thumbnail","6":"product_cat-tiec-nguoi-lon","7":"product_cat-set-up","8":"product_tag-set-up","9":"product_tag-set-up-mini","11":"first","12":"instock","13":"shipping-taxable","14":"purchasable","15":"product-type-simple"},"_links":{"self":[{"href":"https:\/\/chuparty.vn\/index.php?rest_route=\/wp\/v2\/product\/6930","targetHints":{"allow":["GET"]}}],"collection":[{"href":"https:\/\/chuparty.vn\/index.php?rest_route=\/wp\/v2\/product"}],"about":[{"href":"https:\/\/chuparty.vn\/index.php?rest_route=\/wp\/v2\/types\/product"}],"replies":[{"embeddable":true,"href":"https:\/\/chuparty.vn\/index.php?rest_route=%2Fwp%2Fv2%2Fcomments&post=6930"}],"wp:featuredmedia":[{"embeddable":true,"href":"https:\/\/chuparty.vn\/index.php?rest_route=\/wp\/v2\/media\/6931"}],"wp:attachment":[{"href":"https:\/\/chuparty.vn\/index.php?rest_route=%2Fwp%2Fv2%2Fmedia&parent=6930"}],"wp:term":[{"taxonomy":"product_cat","embeddable":true,"href":"https:\/\/chuparty.vn\/index.php?rest_route=%2Fwp%2Fv2%2Fproduct_cat&post=6930"},{"taxonomy":"product_tag","embeddable":true,"href":"https:\/\/chuparty.vn\/index.php?rest_route=%2Fwp%2Fv2%2Fproduct_tag&post=6930"}],"curies":[{"name":"wp","href":"https:\/\/api.w.org\/{rel}","templated":true}]}}