{"id":6886,"date":"2023-07-20T17:13:05","date_gmt":"2023-07-20T10:13:05","guid":{"rendered":"https:\/\/chuparty.vn\/?post_type=product&#038;p=6886"},"modified":"2026-03-10T10:35:57","modified_gmt":"2026-03-10T03:35:57","slug":"combo-bong-bay-pinky-rose-2","status":"publish","type":"product","link":"https:\/\/chuparty.vn\/?product=combo-bong-bay-pinky-rose-2","title":{"rendered":"COMBO B\u00d3NG BAY PINKY ROSE"},"content":{"rendered":"<p><strong>Th\u00f4ng tin chi ti\u1ebft s\u1ea3n ph\u1ea9m:\u00a0<\/strong>Combo B\u00f3ng Bay Pinky Rose g\u1ed3m:<br \/>\n* 1 B\u00f3ng Jumbo (n\u1ed9i dung v\u00e0 m\u00e0u b\u00f3ng c\u00f3 th\u1ec3 t\u00f9y ch\u1ecdn theo y\u00eau c\u1ea7u)<br \/>\n* 1 Mix set Pinky Rose (set 12 b\u00f3ng chia l\u00e0m 2 ch\u00f9m nh\u01b0 h\u00ecnh)<br \/>\n* 1 b\u00f3ng tim v\u00e0 1 b\u00f3ng sao size 45cm b\u01a1m kh\u00ed helium<br \/>\n* 1 B\u00f3 hoa b\u00f3ng Tulip size S tone m\u00e0u Pinky Rose<\/p>\n","protected":false},"excerpt":{"rendered":"<p>Th\u00f4ng tin chi ti\u1ebft s\u1ea3n ph\u1ea9m:\u00a0Combo B\u00f3ng Bay Pinky Rose g\u1ed3m: * 1 B\u00f3ng Jumbo (n\u1ed9i dung v\u00e0 m\u00e0u b\u00f3ng c\u00f3 th\u1ec3 t\u00f9y ch\u1ecdn theo y\u00eau c\u1ea7u) * 1 Mix set Pinky Rose (set 12 b\u00f3ng chia l\u00e0m 2 ch\u00f9m nh\u01b0 h\u00ecnh) * 1 b\u00f3ng tim v\u00e0 1 b\u00f3ng sao size 45cm b\u01a1m kh\u00ed helium [&hellip;]<\/p>\n","protected":false},"featured_media":6887,"comment_status":"open","ping_status":"closed","template":"","meta":[],"product_cat":[268,88,415],"product_tag":[116,451,66],"class_list":{"0":"post-6886","1":"product","2":"type-product","3":"status-publish","4":"has-post-thumbnail","6":"product_cat-princess","7":"product_cat-combo-bong-bay-helium","8":"product_cat-for-adults","9":"product_tag-combo-bong-bay","10":"product_tag-flower-bouquet","11":"product_tag-princess","13":"first","14":"instock","15":"shipping-taxable","16":"purchasable","17":"product-type-simple"},"_links":{"self":[{"href":"https:\/\/chuparty.vn\/index.php?rest_route=\/wp\/v2\/product\/6886","targetHints":{"allow":["GET"]}}],"collection":[{"href":"https:\/\/chuparty.vn\/index.php?rest_route=\/wp\/v2\/product"}],"about":[{"href":"https:\/\/chuparty.vn\/index.php?rest_route=\/wp\/v2\/types\/product"}],"replies":[{"embeddable":true,"href":"https:\/\/chuparty.vn\/index.php?rest_route=%2Fwp%2Fv2%2Fcomments&post=6886"}],"wp:featuredmedia":[{"embeddable":true,"href":"https:\/\/chuparty.vn\/index.php?rest_route=\/wp\/v2\/media\/6887"}],"wp:attachment":[{"href":"https:\/\/chuparty.vn\/index.php?rest_route=%2Fwp%2Fv2%2Fmedia&parent=6886"}],"wp:term":[{"taxonomy":"product_cat","embeddable":true,"href":"https:\/\/chuparty.vn\/index.php?rest_route=%2Fwp%2Fv2%2Fproduct_cat&post=6886"},{"taxonomy":"product_tag","embeddable":true,"href":"https:\/\/chuparty.vn\/index.php?rest_route=%2Fwp%2Fv2%2Fproduct_tag&post=6886"}],"curies":[{"name":"wp","href":"https:\/\/api.w.org\/{rel}","templated":true}]}}