{"id":4328,"date":"2022-09-10T11:48:41","date_gmt":"2022-09-10T04:48:41","guid":{"rendered":"https:\/\/chuparty.vn\/?post_type=product&#038;p=4328"},"modified":"2022-11-25T10:23:04","modified_gmt":"2022-11-25T03:23:04","slug":"day-chu-lets-it-snow","status":"publish","type":"product","link":"https:\/\/chuparty.vn\/?product=day-chu-lets-it-snow","title":{"rendered":"D\u00c2Y CH\u1eee LET&#8217;S IT SNOW"},"content":{"rendered":"<p><strong>Chi ti\u1ebft s\u1ea3n ph\u1ea9m:<\/strong><\/p>\n<ul>\n<li>K\u00edch th\u01b0\u1edbc : 2m (8 ch\u1eef \u2013 m\u1ed7i ch\u1eef cao 15cm)<\/li>\n<li>Ch\u1ea5t li\u1ec7u: b\u1ea1c nh\u0169<\/li>\n<li>C\u00e1ch th\u1ee9c \u0111\u00f3ng g\u00f3i: 10 ch\u1eef\/set<\/li>\n<\/ul>\n","protected":false},"excerpt":{"rendered":"<p>Chi ti\u1ebft s\u1ea3n ph\u1ea9m: K\u00edch th\u01b0\u1edbc : 2m (8 ch\u1eef \u2013 m\u1ed7i ch\u1eef cao 15cm) Ch\u1ea5t li\u1ec7u: b\u1ea1c nh\u0169 C\u00e1ch th\u1ee9c \u0111\u00f3ng g\u00f3i: 10 ch\u1eef\/set<\/p>\n","protected":false},"featured_media":4330,"comment_status":"open","ping_status":"closed","template":"","meta":[],"product_cat":[329,322,422,48,345],"product_tag":[41,323,38],"class_list":{"0":"post-4328","1":"product","2":"type-product","3":"status-publish","4":"has-post-thumbnail","6":"product_cat-frozen","7":"product_cat-christmas","8":"product_cat-banner-xmas","9":"product_cat-day-treo-banner","10":"product_cat-dong-gia-80k","11":"product_tag-banner","12":"product_tag-christmas","13":"product_tag-frozen","15":"first","16":"instock","17":"shipping-taxable","18":"purchasable","19":"product-type-simple"},"_links":{"self":[{"href":"https:\/\/chuparty.vn\/index.php?rest_route=\/wp\/v2\/product\/4328","targetHints":{"allow":["GET"]}}],"collection":[{"href":"https:\/\/chuparty.vn\/index.php?rest_route=\/wp\/v2\/product"}],"about":[{"href":"https:\/\/chuparty.vn\/index.php?rest_route=\/wp\/v2\/types\/product"}],"replies":[{"embeddable":true,"href":"https:\/\/chuparty.vn\/index.php?rest_route=%2Fwp%2Fv2%2Fcomments&post=4328"}],"wp:featuredmedia":[{"embeddable":true,"href":"https:\/\/chuparty.vn\/index.php?rest_route=\/wp\/v2\/media\/4330"}],"wp:attachment":[{"href":"https:\/\/chuparty.vn\/index.php?rest_route=%2Fwp%2Fv2%2Fmedia&parent=4328"}],"wp:term":[{"taxonomy":"product_cat","embeddable":true,"href":"https:\/\/chuparty.vn\/index.php?rest_route=%2Fwp%2Fv2%2Fproduct_cat&post=4328"},{"taxonomy":"product_tag","embeddable":true,"href":"https:\/\/chuparty.vn\/index.php?rest_route=%2Fwp%2Fv2%2Fproduct_tag&post=4328"}],"curies":[{"name":"wp","href":"https:\/\/api.w.org\/{rel}","templated":true}]}}