{"id":3297,"date":"2022-06-15T11:20:01","date_gmt":"2022-06-15T04:20:01","guid":{"rendered":"https:\/\/chuparty.vn\/?post_type=product&#038;p=3297"},"modified":"2023-04-11T11:01:58","modified_gmt":"2023-04-11T04:01:58","slug":"bong-jumbo-grand-opening","status":"publish","type":"product","link":"https:\/\/chuparty.vn\/?product=bong-jumbo-grand-opening","title":{"rendered":"B\u00d3NG JUMBO &#8211; GRAND OPENING"},"content":{"rendered":"<p><strong>Chi ti\u1ebft s\u1ea3n ph\u1ea9m:<\/strong><\/p>\n<ul>\n<li>B\u00f3ng Jumbo size M (24in ~ 50cm) gi\u00e1 600,000 HO\u1eb6C L (36in &#8211; 70cm) gi\u00e1 800,000<\/li>\n<li>Gi\u00e1 b\u00f3ng th\u00e0nh ph\u1ea9m \u0111\u00e3 bao g\u1ed3m: kh\u00ed helium an to\u00e0n tuy\u1ec7t \u0111\u1ed1i, v\u1ecf b\u00f3ng, sticker n\u1ed9i dung t\u00f9y ch\u1ecdn, b\u00f3ng mini l\u1ed3ng b\u00ean trong, d\u00e2y tua rua, n\u01a1&#8230;.<\/li>\n<\/ul>\n<p><strong>CHU cam k\u1ebft ch\u1ec9 s\u1eed d\u1ee5ng DUY NH\u1ea4T kh\u00ed Helium an to\u00e0n, kh\u00f4ng g\u00e2y ch\u00e1y n\u1ed5. Kh\u00ed Heli thu\u1ed9c kh\u00ed hi\u1ebfm v\u00e0 \u0111\u01b0\u1ee3c nh\u1eadp kh\u1ea9u n\u00ean gi\u00e1 th\u00e0nh cao h\u01a1n Hidro r\u1ea5t nhi\u1ec1u (kh\u00ed Hidro nguy hi\u1ec3m g\u00e2y ch\u00e1y n\u1ed5)<\/strong><\/p>\n<p>+ B\u00f3ng Jumbo\/ b\u00f3ng bay s\u1ebd \u0111\u01b0\u1ee3c giao b\u1eb1ng grab car\/taxi, \u0111\u1ec3 gi\u1eef an to\u00e0n cho bong b\u00f3ng tr\u01b0\u1edbc th\u1eddi ti\u1ebft (n\u1eafng ho\u1eb7c m\u01b0a) gi\u00fap cho b\u00f3ng gi\u1eef \u0111\u01b0\u1ee3c m\u00e0u s\u1eafc kh\u00f4ng b\u1ecb xu\u1ed1ng m\u00e0u ho\u1eb7c b\u1ecb b\u1ec3 do va \u0111\u1eadp. \u00a0Ph\u00ed v\u1eadn chuy\u1ec3n s\u1ebd \u0111\u01b0\u1ee3c th\u00f4ng b\u00e1o khi book xe .<br \/>\n+ B\u00f3ng Jumbo size M \u0111\u1eb9p nh\u1ea5t t\u1eeb 6-8 ti\u1ebfng \u0111\u1ea7u (trong th\u1eddi gian n\u00e0y b\u00f3ng s\u1ebd lu\u00f4n s\u00e1ng \u0111\u1eb9p v\u00e0 \u0111\u1ed9 bay s\u1ebd \u0111\u01b0\u1ee3c \u0111\u1ea3m b\u1ea3o t\u1ed1t nh\u1ea5t. Do \u0111\u00f3 KH\u00d4NG N\u00caN l\u1ea5y b\u00f3ng qu\u00e1 s\u1edbm, l\u1ea5y b\u00f3ng tr\u01b0\u1edbc ti\u1ec7c 1h \u0111\u1ec3 set up; \u0111\u1ea3m b\u1ea3o b\u00f3ng \u0111ep nh\u1ea5t trong su\u1ed1t bu\u1ed5i ti\u1ec7c.<br \/>\n+ H\u1ea1n ch\u1ebf \u0111\u1ec3 bong b\u00f3ng \u1edf ngo\u00e0i tr\u1eddi ho\u1eb7c n\u01a1i c\u00f3 nhi\u1ec7t \u0111\u1ed9 cao, g\u1ea7n m\u1eb7t tr\u1eddi ho\u1eb7c \u00e1nh \u0111\u00e8n n\u00f3ng s\u1ebd l\u00e0m v\u1ee1 b\u00f3ng.<\/p>\n","protected":false},"excerpt":{"rendered":"<p>Chi ti\u1ebft s\u1ea3n ph\u1ea9m: B\u00f3ng Jumbo size M (24in ~ 50cm) gi\u00e1 600,000 HO\u1eb6C L (36in &#8211; 70cm) gi\u00e1 800,000 Gi\u00e1 b\u00f3ng th\u00e0nh ph\u1ea9m \u0111\u00e3 bao g\u1ed3m: kh\u00ed helium an to\u00e0n tuy\u1ec7t \u0111\u1ed1i, v\u1ecf b\u00f3ng, sticker n\u1ed9i dung t\u00f9y ch\u1ecdn, b\u00f3ng mini l\u1ed3ng b\u00ean trong, d\u00e2y tua rua, n\u01a1&#8230;. CHU cam k\u1ebft ch\u1ec9 s\u1eed d\u1ee5ng [&hellip;]<\/p>\n","protected":false},"featured_media":3298,"comment_status":"open","ping_status":"closed","template":"","meta":[],"product_cat":[337,82],"product_tag":[139,18],"class_list":{"0":"post-3297","1":"product","2":"type-product","3":"status-publish","4":"has-post-thumbnail","6":"product_cat-grand-opening","7":"product_cat-bong-jumbo","8":"product_tag-grand-opening","9":"product_tag-jumbo","11":"first","12":"instock","13":"shipping-taxable","14":"purchasable","15":"product-type-simple"},"_links":{"self":[{"href":"https:\/\/chuparty.vn\/index.php?rest_route=\/wp\/v2\/product\/3297","targetHints":{"allow":["GET"]}}],"collection":[{"href":"https:\/\/chuparty.vn\/index.php?rest_route=\/wp\/v2\/product"}],"about":[{"href":"https:\/\/chuparty.vn\/index.php?rest_route=\/wp\/v2\/types\/product"}],"replies":[{"embeddable":true,"href":"https:\/\/chuparty.vn\/index.php?rest_route=%2Fwp%2Fv2%2Fcomments&post=3297"}],"wp:featuredmedia":[{"embeddable":true,"href":"https:\/\/chuparty.vn\/index.php?rest_route=\/wp\/v2\/media\/3298"}],"wp:attachment":[{"href":"https:\/\/chuparty.vn\/index.php?rest_route=%2Fwp%2Fv2%2Fmedia&parent=3297"}],"wp:term":[{"taxonomy":"product_cat","embeddable":true,"href":"https:\/\/chuparty.vn\/index.php?rest_route=%2Fwp%2Fv2%2Fproduct_cat&post=3297"},{"taxonomy":"product_tag","embeddable":true,"href":"https:\/\/chuparty.vn\/index.php?rest_route=%2Fwp%2Fv2%2Fproduct_tag&post=3297"}],"curies":[{"name":"wp","href":"https:\/\/api.w.org\/{rel}","templated":true}]}}