{"id":3051,"date":"2022-05-24T11:22:17","date_gmt":"2022-05-24T04:22:17","guid":{"rendered":"https:\/\/chuparty.vn\/?post_type=product&#038;p=3051"},"modified":"2022-05-24T11:22:18","modified_gmt":"2022-05-24T04:22:18","slug":"bong-hpbd-chu-kieu-rosegold","status":"publish","type":"product","link":"https:\/\/chuparty.vn\/?product=bong-hpbd-chu-kieu-rosegold","title":{"rendered":"B\u00d3NG HPBD CH\u1eee KI\u1ec2U &#8211; ROSEGOLD"},"content":{"rendered":"<p><strong>B\u1ed9 b\u00f3ng Happy Birthday<\/strong> l\u00e0 m\u1ed9t s\u1ea3n ph\u1ea9m kh\u00f4ng th\u1ec3 thi\u1ebfu trong nh\u1eefng bu\u1ed5i sinh nh\u1eadt, l\u00e0 k\u1ec9 ni\u1ec7m kh\u00f4ng th\u1ec3 n\u00e0o qu\u00ean khi ch\u00fang ta t\u1ef1 tay trang tr\u00ed b\u1eefa ti\u1ec7c cho nh\u1eefng ng\u01b0\u1eddi th\u00e2n y\u00eau.<br \/>\nH\u00e3y mang ch\u00fang v\u1ec1 v\u00e0 t\u1ef1 tay l\u00e0m n\u00ean bu\u1ed5i ti\u1ec7c tuy\u1ec7t v\u1eddi c\u00f9ng Chu Party nh\u00e9!<\/p>\n<p><strong>Th\u00f4ng tin s\u1ea3n ph\u1ea9m:<\/strong><\/p>\n<ul>\n<li>K\u00edch th\u01b0\u1edbc: 35cm x 24cm\/b\u00f3ng ch\u1eef<\/li>\n<li>Ch\u1ea5t li\u1ec7u: nh\u00f4m ki\u1ebfng<\/li>\n<li>C\u00e1ch th\u1ee9c \u0111\u00f3ng g\u00f3i: 13 b\u00f3ng ch\u1eef\/set<\/li>\n<li>B\u1ed9 b\u00f3ng \u0111\u01b0\u1ee3c giao \u1edf tr\u1ea1ng th\u00e1i ch\u01b0a b\u01a1m; h\u01b0\u1edbng d\u1eabn c\u00e1ch b\u01a1m b\u00f3ng nh\u00f4m nh\u01b0 sau:\n<p><img loading=\"lazy\" decoding=\"async\" class=\"alignnone wp-image-3037\" src=\"https:\/\/chuparty.vn\/wp-content\/uploads\/2022\/05\/72526517_1771510859659213_305844578198487040_n.jpg\" alt=\"\" width=\"238\" height=\"181\" \/><\/li>\n<\/ul>\n","protected":false},"excerpt":{"rendered":"<p>B\u1ed9 b\u00f3ng Happy Birthday l\u00e0 m\u1ed9t s\u1ea3n ph\u1ea9m kh\u00f4ng th\u1ec3 thi\u1ebfu trong nh\u1eefng bu\u1ed5i sinh nh\u1eadt, l\u00e0 k\u1ec9 ni\u1ec7m kh\u00f4ng th\u1ec3 n\u00e0o qu\u00ean khi ch\u00fang ta t\u1ef1 tay trang tr\u00ed b\u1eefa ti\u1ec7c cho nh\u1eefng ng\u01b0\u1eddi th\u00e2n y\u00eau. H\u00e3y mang ch\u00fang v\u1ec1 v\u00e0 t\u1ef1 tay l\u00e0m n\u00ean bu\u1ed5i ti\u1ec7c tuy\u1ec7t v\u1eddi c\u00f9ng Chu Party nh\u00e9! Th\u00f4ng [&hellip;]<\/p>\n","protected":false},"featured_media":3052,"comment_status":"open","ping_status":"closed","template":"","meta":[],"product_cat":[371],"product_tag":[372],"class_list":{"0":"post-3051","1":"product","2":"type-product","3":"status-publish","4":"has-post-thumbnail","6":"product_cat-bong-chu","7":"product_tag-bo-bong","9":"first","10":"instock","11":"shipping-taxable","12":"purchasable","13":"product-type-simple"},"_links":{"self":[{"href":"https:\/\/chuparty.vn\/index.php?rest_route=\/wp\/v2\/product\/3051","targetHints":{"allow":["GET"]}}],"collection":[{"href":"https:\/\/chuparty.vn\/index.php?rest_route=\/wp\/v2\/product"}],"about":[{"href":"https:\/\/chuparty.vn\/index.php?rest_route=\/wp\/v2\/types\/product"}],"replies":[{"embeddable":true,"href":"https:\/\/chuparty.vn\/index.php?rest_route=%2Fwp%2Fv2%2Fcomments&post=3051"}],"wp:featuredmedia":[{"embeddable":true,"href":"https:\/\/chuparty.vn\/index.php?rest_route=\/wp\/v2\/media\/3052"}],"wp:attachment":[{"href":"https:\/\/chuparty.vn\/index.php?rest_route=%2Fwp%2Fv2%2Fmedia&parent=3051"}],"wp:term":[{"taxonomy":"product_cat","embeddable":true,"href":"https:\/\/chuparty.vn\/index.php?rest_route=%2Fwp%2Fv2%2Fproduct_cat&post=3051"},{"taxonomy":"product_tag","embeddable":true,"href":"https:\/\/chuparty.vn\/index.php?rest_route=%2Fwp%2Fv2%2Fproduct_tag&post=3051"}],"curies":[{"name":"wp","href":"https:\/\/api.w.org\/{rel}","templated":true}]}}