{"id":2736,"date":"2022-05-10T12:24:45","date_gmt":"2022-05-10T05:24:45","guid":{"rendered":"https:\/\/chuparty.vn\/?post_type=product&#038;p=2736"},"modified":"2025-05-09T16:43:05","modified_gmt":"2025-05-09T09:43:05","slug":"combo-bong-cong-chua-disney","status":"publish","type":"product","link":"https:\/\/chuparty.vn\/?product=combo-bong-cong-chua-disney","title":{"rendered":"COMBO 8 B\u00d3NG C\u00d4NG CH\u00daA DISNEY"},"content":{"rendered":"<p><strong>Th\u00f4ng tin s\u1ea3n ph\u1ea9m:<\/strong><br \/>\nCombo g\u1ed3m: 8 b\u00f3ng tr\u00f2n in h\u00ecnh 8 c\u00f4ng ch\u00faa Disney: L\u1ecd Lem, C\u00f4ng ch\u00faa t\u00f3c d\u00e0i, B\u1ea1ch Tuy\u1ebft, N\u00e0ng Ti\u00ean C\u00e1 &#8230;.<br \/>\nSize b\u00f3ng: 45cm (k\u00edch th\u01b0\u1edbc sau b\u01a1m 40cm)<br \/>\nC\u00e1ch th\u1ee9c \u0111\u00f3ng g\u00f3i: 8 b\u00f3ng\/t\u00fai.<br \/>\n<strong>\u2013&gt;<\/strong>\u00a0B\u00f3ng \u0111\u01b0\u1ee3c giao \u1edf tr\u1ea1ng th\u00e1i ch\u01b0a b\u01a1m, b\u00f3ng c\u00f3 th\u1ec3 b\u01a1m b\u1eb1ng m\u00e1y b\u01a1m\/b\u01a1m tay ho\u1eb7c kh\u00ed helium t\u00f9y theo nhu c\u1ea7u s\u1eed d\u1ee5ng.<br \/>\n<strong>\u2013&gt;<\/strong>\u00a0N\u1ebfu b\u1ea1n c\u00f3 nhu c\u1ea7u b\u01a1m kh\u00ed helium \u0111\u1ec3 b\u00f3ng bay, vui l\u00f2ng li\u00ean h\u1ec7 v\u1edbi nh\u00e2n vi\u00ean b\u00e1n h\u00e0ng \u0111\u1ec3 \u0111\u01b0\u1ee3c t\u01b0 v\u1ea5n v\u00e0 b\u00e1o gi\u00e1.<\/p>\n","protected":false},"excerpt":{"rendered":"<p>Th\u00f4ng tin s\u1ea3n ph\u1ea9m: Combo g\u1ed3m: 8 b\u00f3ng tr\u00f2n in h\u00ecnh 8 c\u00f4ng ch\u00faa Disney: L\u1ecd Lem, C\u00f4ng ch\u00faa t\u00f3c d\u00e0i, B\u1ea1ch Tuy\u1ebft, N\u00e0ng Ti\u00ean C\u00e1 &#8230;. Size b\u00f3ng: 45cm (k\u00edch th\u01b0\u1edbc sau b\u01a1m 40cm) C\u00e1ch th\u1ee9c \u0111\u00f3ng g\u00f3i: 8 b\u00f3ng\/t\u00fai. \u2013&gt;\u00a0B\u00f3ng \u0111\u01b0\u1ee3c giao \u1edf tr\u1ea1ng th\u00e1i ch\u01b0a b\u01a1m, b\u00f3ng c\u00f3 th\u1ec3 b\u01a1m b\u1eb1ng m\u00e1y [&hellip;]<\/p>\n","protected":false},"featured_media":10273,"comment_status":"open","ping_status":"closed","template":"","meta":[],"product_cat":[268,87],"product_tag":[100,66],"class_list":{"0":"post-2736","1":"product","2":"type-product","3":"status-publish","4":"has-post-thumbnail","6":"product_cat-princess","7":"product_cat-combo-bong-hinh","8":"product_tag-combo-bong-hinh","9":"product_tag-princess","11":"first","12":"instock","13":"shipping-taxable","14":"purchasable","15":"product-type-simple"},"_links":{"self":[{"href":"https:\/\/chuparty.vn\/index.php?rest_route=\/wp\/v2\/product\/2736","targetHints":{"allow":["GET"]}}],"collection":[{"href":"https:\/\/chuparty.vn\/index.php?rest_route=\/wp\/v2\/product"}],"about":[{"href":"https:\/\/chuparty.vn\/index.php?rest_route=\/wp\/v2\/types\/product"}],"replies":[{"embeddable":true,"href":"https:\/\/chuparty.vn\/index.php?rest_route=%2Fwp%2Fv2%2Fcomments&post=2736"}],"wp:featuredmedia":[{"embeddable":true,"href":"https:\/\/chuparty.vn\/index.php?rest_route=\/wp\/v2\/media\/10273"}],"wp:attachment":[{"href":"https:\/\/chuparty.vn\/index.php?rest_route=%2Fwp%2Fv2%2Fmedia&parent=2736"}],"wp:term":[{"taxonomy":"product_cat","embeddable":true,"href":"https:\/\/chuparty.vn\/index.php?rest_route=%2Fwp%2Fv2%2Fproduct_cat&post=2736"},{"taxonomy":"product_tag","embeddable":true,"href":"https:\/\/chuparty.vn\/index.php?rest_route=%2Fwp%2Fv2%2Fproduct_tag&post=2736"}],"curies":[{"name":"wp","href":"https:\/\/api.w.org\/{rel}","templated":true}]}}