{"id":2629,"date":"2022-05-11T12:54:10","date_gmt":"2022-05-11T05:54:10","guid":{"rendered":"https:\/\/chuparty.vn\/?post_type=product&#038;p=2629"},"modified":"2026-01-15T10:28:59","modified_gmt":"2026-01-15T03:28:59","slug":"den-mau-xmas","status":"publish","type":"product","link":"https:\/\/chuparty.vn\/?product=den-mau-xmas","title":{"rendered":"D\u00c2Y \u0110\u00c8N LED M\u00c0U CHRISTMAS"},"content":{"rendered":"<p>K\u00edch th\u01b0\u1edbc : 4m<br \/>\nD\u00e2y \u0111\u00e8n 4 d\u00e0i\u00a0 \u00a0trang tr\u00ed\u00a0 .<br \/>\n<img decoding=\"async\" class=\"emoji\" role=\"img\" draggable=\"false\" src=\"https:\/\/s.w.org\/images\/core\/emoji\/13.1.0\/svg\/2728.svg\" alt=\"\u2728\" \/>d\u00e2y \u0111\u00e8n\u00a0 d\u00f9ng trang tr\u00ed kh\u00f4ng gian ph\u00f2ng ng\u1ee7 , trang tr\u00ed nh\u00e0 h\u00e0ng , mang \u0111i ch\u1ee5p \u1ea3nh t\u1ef1 s\u01b0\u1edbng \u1edf nh\u1eefng n\u01a1i kh\u00f4ng c\u00f3 \u0111i\u1ec7n .<br \/>\n<img decoding=\"async\" class=\"emoji\" role=\"img\" draggable=\"false\" src=\"https:\/\/s.w.org\/images\/core\/emoji\/13.1.0\/svg\/2728.svg\" alt=\"\u2728\" \/>d\u00e2y \u0111\u00e8n\u00a0 ng\u00f4i sao khi b\u1eadt l\u00ean c\u00f3 \u00e1nh s\u00e1ng v\u00e0ng \u1ea5m \u00e1p lung linh . Trang tr\u00ed nh\u00e0 c\u1eeda ng\u00e0y t\u1ebft , trang tr\u00ed sinh nh\u1eadt , Decor b\u00e0n ti\u1ec7c D\u00e2y led sao d\u00f9ng trang tr\u00ed c\u00e2y th\u00f4ng Noel l\u00e0 qu\u00e1 tuy\u1ec7t v\u1eddi lu\u00f4n c\u00e1c b\u1ea1n nh\u00e9<\/p>\n","protected":false},"excerpt":{"rendered":"<p>K\u00edch th\u01b0\u1edbc : 4m D\u00e2y \u0111\u00e8n 4 d\u00e0i\u00a0 \u00a0trang tr\u00ed\u00a0 . d\u00e2y \u0111\u00e8n\u00a0 d\u00f9ng trang tr\u00ed kh\u00f4ng gian ph\u00f2ng ng\u1ee7 , trang tr\u00ed nh\u00e0 h\u00e0ng , mang \u0111i ch\u1ee5p \u1ea3nh t\u1ef1 s\u01b0\u1edbng \u1edf nh\u1eefng n\u01a1i kh\u00f4ng c\u00f3 \u0111i\u1ec7n . d\u00e2y \u0111\u00e8n\u00a0 ng\u00f4i sao khi b\u1eadt l\u00ean c\u00f3 \u00e1nh s\u00e1ng v\u00e0ng \u1ea5m \u00e1p lung linh . [&hellip;]<\/p>\n","protected":false},"featured_media":11118,"comment_status":"open","ping_status":"closed","template":"","meta":[],"product_cat":[322,424,352],"product_tag":[323,344],"class_list":{"0":"post-2629","1":"product","2":"type-product","3":"status-publish","4":"has-post-thumbnail","6":"product_cat-christmas","7":"product_cat-non-phu-kien-xmas","8":"product_cat-den-led-light","9":"product_tag-christmas","10":"product_tag-led","12":"first","13":"instock","14":"shipping-taxable","15":"purchasable","16":"product-type-simple"},"_links":{"self":[{"href":"https:\/\/chuparty.vn\/index.php?rest_route=\/wp\/v2\/product\/2629","targetHints":{"allow":["GET"]}}],"collection":[{"href":"https:\/\/chuparty.vn\/index.php?rest_route=\/wp\/v2\/product"}],"about":[{"href":"https:\/\/chuparty.vn\/index.php?rest_route=\/wp\/v2\/types\/product"}],"replies":[{"embeddable":true,"href":"https:\/\/chuparty.vn\/index.php?rest_route=%2Fwp%2Fv2%2Fcomments&post=2629"}],"wp:featuredmedia":[{"embeddable":true,"href":"https:\/\/chuparty.vn\/index.php?rest_route=\/wp\/v2\/media\/11118"}],"wp:attachment":[{"href":"https:\/\/chuparty.vn\/index.php?rest_route=%2Fwp%2Fv2%2Fmedia&parent=2629"}],"wp:term":[{"taxonomy":"product_cat","embeddable":true,"href":"https:\/\/chuparty.vn\/index.php?rest_route=%2Fwp%2Fv2%2Fproduct_cat&post=2629"},{"taxonomy":"product_tag","embeddable":true,"href":"https:\/\/chuparty.vn\/index.php?rest_route=%2Fwp%2Fv2%2Fproduct_tag&post=2629"}],"curies":[{"name":"wp","href":"https:\/\/api.w.org\/{rel}","templated":true}]}}