{"id":2178,"date":"2022-03-13T21:40:52","date_gmt":"2022-03-13T14:40:52","guid":{"rendered":"https:\/\/chuparty.vn\/?post_type=product&#038;p=2178"},"modified":"2024-03-12T10:28:21","modified_gmt":"2024-03-12T03:28:21","slug":"day-garland-tam-giac-gold-2","status":"publish","type":"product","link":"https:\/\/chuparty.vn\/?product=day-garland-tam-giac-gold-2","title":{"rendered":"D\u00c2Y GARLAND TAM GI\u00c1C GOLD (new)"},"content":{"rendered":"<p>Quy c\u00e1ch \u0111\u00f3ng g\u00f3i: 1 d\u00e2y\/t\u00fai<br \/>\nCh\u1ea5t li\u1ec7u: gi\u1ea5y m\u00e0u<br \/>\nM\u00e0u s\u1eafc: gold<br \/>\nK\u00edch th\u01b0\u1edbc: 3m<\/p>\n<p><img loading=\"lazy\" decoding=\"async\" class=\"alignnone wp-image-2183\" src=\"https:\/\/chuparty.vn\/wp-content\/uploads\/2022\/03\/Tam-giac-gold-348x420.jpg\" alt=\"\" width=\"249\" height=\"301\" \/><\/p>\n","protected":false},"excerpt":{"rendered":"<p>Quy c\u00e1ch \u0111\u00f3ng g\u00f3i: 1 d\u00e2y\/t\u00fai Ch\u1ea5t li\u1ec7u: gi\u1ea5y m\u00e0u M\u00e0u s\u1eafc: gold K\u00edch th\u01b0\u1edbc: 3m<\/p>\n","protected":false},"featured_media":2217,"comment_status":"open","ping_status":"closed","template":"","meta":[],"product_cat":[365,337,109,468,327],"product_tag":[328],"class_list":{"0":"post-2178","1":"product","2":"type-product","3":"status-publish","4":"has-post-thumbnail","6":"product_cat-graduation","7":"product_cat-grand-opening","8":"product_cat-new-year","9":"product_cat-banner-garland-new-year","10":"product_cat-day-treo-garland","11":"product_tag-garland","13":"first","14":"instock","15":"shipping-taxable","16":"purchasable","17":"product-type-simple"},"_links":{"self":[{"href":"https:\/\/chuparty.vn\/index.php?rest_route=\/wp\/v2\/product\/2178","targetHints":{"allow":["GET"]}}],"collection":[{"href":"https:\/\/chuparty.vn\/index.php?rest_route=\/wp\/v2\/product"}],"about":[{"href":"https:\/\/chuparty.vn\/index.php?rest_route=\/wp\/v2\/types\/product"}],"replies":[{"embeddable":true,"href":"https:\/\/chuparty.vn\/index.php?rest_route=%2Fwp%2Fv2%2Fcomments&post=2178"}],"wp:featuredmedia":[{"embeddable":true,"href":"https:\/\/chuparty.vn\/index.php?rest_route=\/wp\/v2\/media\/2217"}],"wp:attachment":[{"href":"https:\/\/chuparty.vn\/index.php?rest_route=%2Fwp%2Fv2%2Fmedia&parent=2178"}],"wp:term":[{"taxonomy":"product_cat","embeddable":true,"href":"https:\/\/chuparty.vn\/index.php?rest_route=%2Fwp%2Fv2%2Fproduct_cat&post=2178"},{"taxonomy":"product_tag","embeddable":true,"href":"https:\/\/chuparty.vn\/index.php?rest_route=%2Fwp%2Fv2%2Fproduct_tag&post=2178"}],"curies":[{"name":"wp","href":"https:\/\/api.w.org\/{rel}","templated":true}]}}