{"id":2161,"date":"2022-03-13T17:53:45","date_gmt":"2022-03-13T10:53:45","guid":{"rendered":"https:\/\/chuparty.vn\/?post_type=product&#038;p=2161"},"modified":"2024-04-12T13:18:13","modified_gmt":"2024-04-12T06:18:13","slug":"day-stick-garland-rose-pink","status":"publish","type":"product","link":"https:\/\/chuparty.vn\/?product=day-stick-garland-rose-pink","title":{"rendered":"D\u00c2Y STICK GARLAND &#8211; ROSE PINK"},"content":{"rendered":"<p>Quy c\u00e1ch \u0111\u00f3ng g\u00f3i: 1 d\u00e2y\/t\u00fai<br \/>\nCh\u1ea5t li\u1ec7u: gi\u1ea5y m\u00e0u<br \/>\nM\u00e0u s\u1eafc: rose pink<br \/>\nK\u00edch th\u01b0\u1edbc: 2m<\/p>\n<p><img loading=\"lazy\" decoding=\"async\" class=\"alignnone wp-image-2156\" src=\"https:\/\/chuparty.vn\/wp-content\/uploads\/2022\/03\/8531871439_57045619-476x420.jpg\" alt=\"\" width=\"286\" height=\"252\" srcset=\"https:\/\/chuparty.vn\/wp-content\/uploads\/2022\/03\/8531871439_57045619-476x420.jpg 476w, https:\/\/chuparty.vn\/wp-content\/uploads\/2022\/03\/8531871439_57045619-573x506.jpg 573w, https:\/\/chuparty.vn\/wp-content\/uploads\/2022\/03\/8531871439_57045619.jpg 750w\" sizes=\"auto, (max-width: 286px) 100vw, 286px\" \/><\/p>\n","protected":false},"excerpt":{"rendered":"<p>Quy c\u00e1ch \u0111\u00f3ng g\u00f3i: 1 d\u00e2y\/t\u00fai Ch\u1ea5t li\u1ec7u: gi\u1ea5y m\u00e0u M\u00e0u s\u1eafc: rose pink K\u00edch th\u01b0\u1edbc: 2m<\/p>\n","protected":false},"featured_media":2162,"comment_status":"open","ping_status":"closed","template":"","meta":[],"product_cat":[499,491,268,318,327],"product_tag":[215,328,92,66],"class_list":{"0":"post-2161","1":"product","2":"type-product","3":"status-publish","4":"has-post-thumbnail","6":"product_cat-barbie-girl","7":"product_cat-macaron","8":"product_cat-princess","9":"product_cat-baby-shower","10":"product_cat-day-treo-garland","11":"product_tag-baby-shower","12":"product_tag-garland","13":"product_tag-macaron","14":"product_tag-princess","16":"first","17":"instock","18":"shipping-taxable","19":"purchasable","20":"product-type-simple"},"_links":{"self":[{"href":"https:\/\/chuparty.vn\/index.php?rest_route=\/wp\/v2\/product\/2161","targetHints":{"allow":["GET"]}}],"collection":[{"href":"https:\/\/chuparty.vn\/index.php?rest_route=\/wp\/v2\/product"}],"about":[{"href":"https:\/\/chuparty.vn\/index.php?rest_route=\/wp\/v2\/types\/product"}],"replies":[{"embeddable":true,"href":"https:\/\/chuparty.vn\/index.php?rest_route=%2Fwp%2Fv2%2Fcomments&post=2161"}],"wp:featuredmedia":[{"embeddable":true,"href":"https:\/\/chuparty.vn\/index.php?rest_route=\/wp\/v2\/media\/2162"}],"wp:attachment":[{"href":"https:\/\/chuparty.vn\/index.php?rest_route=%2Fwp%2Fv2%2Fmedia&parent=2161"}],"wp:term":[{"taxonomy":"product_cat","embeddable":true,"href":"https:\/\/chuparty.vn\/index.php?rest_route=%2Fwp%2Fv2%2Fproduct_cat&post=2161"},{"taxonomy":"product_tag","embeddable":true,"href":"https:\/\/chuparty.vn\/index.php?rest_route=%2Fwp%2Fv2%2Fproduct_tag&post=2161"}],"curies":[{"name":"wp","href":"https:\/\/api.w.org\/{rel}","templated":true}]}}