{"id":2051,"date":"2022-03-12T14:59:09","date_gmt":"2022-03-12T07:59:09","guid":{"rendered":"https:\/\/chuparty.vn\/?post_type=product&#038;p=2051"},"modified":"2025-03-26T16:18:52","modified_gmt":"2025-03-26T09:18:52","slug":"day-garland-hoa-la-gold-2","status":"publish","type":"product","link":"https:\/\/chuparty.vn\/?product=day-garland-hoa-la-gold-2","title":{"rendered":"D\u00c2Y GARLAND HOA L\u00c1 B\u1ea0C\/GOLD"},"content":{"rendered":"","protected":false},"excerpt":{"rendered":"<p><strong>Th\u00f4ng tin s\u1ea3n ph\u1ea9m:<\/strong><\/p>\n<p>Ch\u1ea5t li\u1ec7u: Gi\u1ea5y m\u00e0u<br \/>\nM\u00e0u s\u1eafc: Gold, b\u1ea1c<br \/>\nK\u00edch th\u01b0\u1edbc: Hoa 19.5cm ~ 21.6cm, L\u00e1 25.4cm * 13cm ~ 24cm * 12cm<br \/>\nQuy c\u00e1ch \u0111\u00f3ng g\u00f3i: 4 hoa + 4 l\u00e1 \/ set<\/p>\n","protected":false},"featured_media":2290,"comment_status":"open","ping_status":"closed","template":"","meta":[],"product_cat":[510,327,28],"product_tag":[328,136],"class_list":{"0":"post-2051","1":"product","2":"type-product","3":"status-publish","4":"has-post-thumbnail","6":"product_cat-sale-off-70","7":"product_cat-day-treo-garland","8":"product_cat-sale","9":"product_tag-garland","10":"product_tag-sale","11":"pa_mau-sac-bac","12":"pa_mau-sac-gold","14":"first","15":"instock","16":"sale","17":"shipping-taxable","18":"purchasable","19":"product-type-variable"},"_links":{"self":[{"href":"https:\/\/chuparty.vn\/index.php?rest_route=\/wp\/v2\/product\/2051","targetHints":{"allow":["GET"]}}],"collection":[{"href":"https:\/\/chuparty.vn\/index.php?rest_route=\/wp\/v2\/product"}],"about":[{"href":"https:\/\/chuparty.vn\/index.php?rest_route=\/wp\/v2\/types\/product"}],"replies":[{"embeddable":true,"href":"https:\/\/chuparty.vn\/index.php?rest_route=%2Fwp%2Fv2%2Fcomments&post=2051"}],"wp:featuredmedia":[{"embeddable":true,"href":"https:\/\/chuparty.vn\/index.php?rest_route=\/wp\/v2\/media\/2290"}],"wp:attachment":[{"href":"https:\/\/chuparty.vn\/index.php?rest_route=%2Fwp%2Fv2%2Fmedia&parent=2051"}],"wp:term":[{"taxonomy":"product_cat","embeddable":true,"href":"https:\/\/chuparty.vn\/index.php?rest_route=%2Fwp%2Fv2%2Fproduct_cat&post=2051"},{"taxonomy":"product_tag","embeddable":true,"href":"https:\/\/chuparty.vn\/index.php?rest_route=%2Fwp%2Fv2%2Fproduct_tag&post=2051"}],"curies":[{"name":"wp","href":"https:\/\/api.w.org\/{rel}","templated":true}]}}