{"id":1416,"date":"2022-02-25T10:56:57","date_gmt":"2022-02-25T03:56:57","guid":{"rendered":"https:\/\/chuparty.vn\/?post_type=product&#038;p=1416"},"modified":"2025-06-16T12:37:31","modified_gmt":"2025-06-16T05:37:31","slug":"day-chu-happy-birthday-farm","status":"publish","type":"product","link":"https:\/\/chuparty.vn\/?product=day-chu-happy-birthday-farm","title":{"rendered":"D\u00c2Y CH\u1eee HAPPY BIRTHDAY FARM"},"content":{"rendered":"<p>D\u00e2y c\u1edd l\u00e0 ph\u1ee5 ki\u1ec7n kh\u00f4ng th\u1ec3 thi\u1ebfu khi trang tr\u00ed cho bu\u1ed5i ti\u1ec7c sinh nh\u1eadt.<\/p>\n<p><strong>Chi ti\u1ebft s\u1ea3n ph\u1ea9m:<\/strong><\/p>\n<ul>\n<li>K\u00edch th\u01b0\u1edbc : 3m (13 ch\u1eef + 4 icon\u00a0 \u2013 m\u1ed7i ch\u1eef cao 16cm)<\/li>\n<li>Ch\u1ea5t li\u1ec7u: gi\u1ea5y m\u00e0u<\/li>\n<li>C\u00e1ch th\u1ee9c \u0111\u00f3ng g\u00f3i: 13 ch\u1eef + 4 icon \/set<\/li>\n<li>\u00a0S\u1ea3n ph\u1ea9m D\u00e2y ch\u1eef ph\u00f9 h\u1ee3p cho c\u00e1c b\u00e9 trang tr\u00ed ch\u1ee7 \u0111\u1ec1 N\u00f4ng Tr\u1ea1i , s\u1ebd l\u00e0m n\u1ed5i b\u1eadt kh\u00f4ng gian ti\u1ec7c v\u1edbi nh\u1eefng con th\u00fa \u0111\u00e1ng y\u00eau.<br \/>\n<img loading=\"lazy\" decoding=\"async\" class=\"alignnone wp-image-1420\" src=\"https:\/\/chuparty.vn\/wp-content\/uploads\/2022\/02\/day-HPBD-FARM-1-420x420.jpg\" alt=\"\" width=\"259\" height=\"259\" srcset=\"https:\/\/chuparty.vn\/wp-content\/uploads\/2022\/02\/day-HPBD-FARM-1-420x420.jpg 420w, https:\/\/chuparty.vn\/wp-content\/uploads\/2022\/02\/day-HPBD-FARM-1-506x506.jpg 506w, https:\/\/chuparty.vn\/wp-content\/uploads\/2022\/02\/day-HPBD-FARM-1-768x768.jpg 768w, https:\/\/chuparty.vn\/wp-content\/uploads\/2022\/02\/day-HPBD-FARM-1-100x100.jpg 100w, https:\/\/chuparty.vn\/wp-content\/uploads\/2022\/02\/day-HPBD-FARM-1.jpg 1000w, https:\/\/chuparty.vn\/wp-content\/uploads\/2022\/02\/day-HPBD-FARM-1-400x400.jpg 400w, https:\/\/chuparty.vn\/wp-content\/uploads\/2022\/02\/day-HPBD-FARM-1-700x700.jpg 700w, https:\/\/chuparty.vn\/wp-content\/uploads\/2022\/02\/day-HPBD-FARM-1-150x150.jpg 150w\" sizes=\"auto, (max-width: 259px) 100vw, 259px\" \/><\/li>\n<\/ul>\n","protected":false},"excerpt":{"rendered":"<p>D\u00e2y c\u1edd l\u00e0 ph\u1ee5 ki\u1ec7n kh\u00f4ng th\u1ec3 thi\u1ebfu khi trang tr\u00ed cho bu\u1ed5i ti\u1ec7c sinh nh\u1eadt. Chi ti\u1ebft s\u1ea3n ph\u1ea9m: K\u00edch th\u01b0\u1edbc : 3m (13 ch\u1eef + 4 icon\u00a0 \u2013 m\u1ed7i ch\u1eef cao 16cm) Ch\u1ea5t li\u1ec7u: gi\u1ea5y m\u00e0u C\u00e1ch th\u1ee9c \u0111\u00f3ng g\u00f3i: 13 ch\u1eef + 4 icon \/set \u00a0S\u1ea3n ph\u1ea9m D\u00e2y ch\u1eef ph\u00f9 h\u1ee3p cho [&hellip;]<\/p>\n","protected":false},"featured_media":1417,"comment_status":"open","ping_status":"closed","template":"","meta":[],"product_cat":[512,262,48,412,28],"product_tag":[41,263,136],"class_list":{"0":"post-1416","1":"product","2":"type-product","3":"status-publish","4":"has-post-thumbnail","6":"product_cat-sale-off-30","7":"product_cat-farm","8":"product_cat-day-treo-banner","9":"product_cat-dong-gia-40k","10":"product_cat-sale","11":"product_tag-banner","12":"product_tag-farm","13":"product_tag-sale","15":"first","16":"instock","17":"sale","18":"shipping-taxable","19":"purchasable","20":"product-type-simple"},"_links":{"self":[{"href":"https:\/\/chuparty.vn\/index.php?rest_route=\/wp\/v2\/product\/1416","targetHints":{"allow":["GET"]}}],"collection":[{"href":"https:\/\/chuparty.vn\/index.php?rest_route=\/wp\/v2\/product"}],"about":[{"href":"https:\/\/chuparty.vn\/index.php?rest_route=\/wp\/v2\/types\/product"}],"replies":[{"embeddable":true,"href":"https:\/\/chuparty.vn\/index.php?rest_route=%2Fwp%2Fv2%2Fcomments&post=1416"}],"wp:featuredmedia":[{"embeddable":true,"href":"https:\/\/chuparty.vn\/index.php?rest_route=\/wp\/v2\/media\/1417"}],"wp:attachment":[{"href":"https:\/\/chuparty.vn\/index.php?rest_route=%2Fwp%2Fv2%2Fmedia&parent=1416"}],"wp:term":[{"taxonomy":"product_cat","embeddable":true,"href":"https:\/\/chuparty.vn\/index.php?rest_route=%2Fwp%2Fv2%2Fproduct_cat&post=1416"},{"taxonomy":"product_tag","embeddable":true,"href":"https:\/\/chuparty.vn\/index.php?rest_route=%2Fwp%2Fv2%2Fproduct_tag&post=1416"}],"curies":[{"name":"wp","href":"https:\/\/api.w.org\/{rel}","templated":true}]}}