{"id":11347,"date":"2026-04-20T10:51:01","date_gmt":"2026-04-20T03:51:01","guid":{"rendered":"https:\/\/chuparty.vn\/?post_type=product&#038;p=11347"},"modified":"2026-04-24T16:52:07","modified_gmt":"2026-04-24T09:52:07","slug":"rainbow-handmade-balloon-cau-vong","status":"publish","type":"product","link":"https:\/\/chuparty.vn\/?product=rainbow-handmade-balloon-cau-vong","title":{"rendered":"RAINBOW HANDMADE \u2013 C\u1ea6U V\u1ed2NG"},"content":{"rendered":"<ul>\n<li><strong>Th\u00f4ng tin chi ti\u1ebft s\u1ea3n ph\u1ea9m: RAINBOW HANDMADE BALLOON \u2013 C\u1ea6U V\u1ed2NG\u00a0<\/strong>\n<ul>\n<li>Ch\u1ea5t li\u1ec7u: b\u00f3ng cao su<\/li>\n<li>M\u00e0u s\u1eafc: b\u1ea1n c\u00f3 th\u1ec3 y\u00eau c\u1ea7u m\u00e0u s\u1eafc b\u00f3ng theo s\u1edf th\u00edch<\/li>\n<li>Lo\u1ea1i b\u00f3ng: C\u1ea7u v\u1ed3ng \u0111\u00e1m mmaay<\/li>\n<li>K\u00edch th\u01b0\u1edbc:<\/li>\n<li>M\u00e0u b\u00f3ng t\u00f9y ch\u1ecdn theo ch\u1ee7 \u0111\u1ec1 y\u00eau c\u1ea7u<\/li>\n<\/ul>\n<\/li>\n<li><strong>L\u01afU \u00dd:\u00a0<\/strong><\/li>\n<\/ul>\n","protected":false},"excerpt":{"rendered":"<p>Th\u00f4ng tin chi ti\u1ebft s\u1ea3n ph\u1ea9m: RAINBOW HANDMADE BALLOON \u2013 C\u1ea6U V\u1ed2NG\u00a0 Ch\u1ea5t li\u1ec7u: b\u00f3ng cao su M\u00e0u s\u1eafc: b\u1ea1n c\u00f3 th\u1ec3 y\u00eau c\u1ea7u m\u00e0u s\u1eafc b\u00f3ng theo s\u1edf th\u00edch Lo\u1ea1i b\u00f3ng: C\u1ea7u v\u1ed3ng \u0111\u00e1m mmaay K\u00edch th\u01b0\u1edbc: M\u00e0u b\u00f3ng t\u00f9y ch\u1ecdn theo ch\u1ee7 \u0111\u1ec1 y\u00eau c\u1ea7u L\u01afU \u00dd:\u00a0<\/p>\n","protected":false},"featured_media":11348,"comment_status":"open","ping_status":"closed","template":"","meta":[],"product_cat":[491,101,366,107,497],"product_tag":[],"class_list":{"0":"post-11347","1":"product","2":"type-product","3":"status-publish","4":"has-post-thumbnail","6":"product_cat-macaron","7":"product_cat-rainbow","8":"product_cat-combo-bong-tru-handmade","9":"product_cat-surprise-balloon","10":"product_cat-characters-balloon","12":"first","13":"instock","14":"shipping-taxable","15":"purchasable","16":"product-type-simple"},"_links":{"self":[{"href":"https:\/\/chuparty.vn\/index.php?rest_route=\/wp\/v2\/product\/11347","targetHints":{"allow":["GET"]}}],"collection":[{"href":"https:\/\/chuparty.vn\/index.php?rest_route=\/wp\/v2\/product"}],"about":[{"href":"https:\/\/chuparty.vn\/index.php?rest_route=\/wp\/v2\/types\/product"}],"replies":[{"embeddable":true,"href":"https:\/\/chuparty.vn\/index.php?rest_route=%2Fwp%2Fv2%2Fcomments&post=11347"}],"wp:featuredmedia":[{"embeddable":true,"href":"https:\/\/chuparty.vn\/index.php?rest_route=\/wp\/v2\/media\/11348"}],"wp:attachment":[{"href":"https:\/\/chuparty.vn\/index.php?rest_route=%2Fwp%2Fv2%2Fmedia&parent=11347"}],"wp:term":[{"taxonomy":"product_cat","embeddable":true,"href":"https:\/\/chuparty.vn\/index.php?rest_route=%2Fwp%2Fv2%2Fproduct_cat&post=11347"},{"taxonomy":"product_tag","embeddable":true,"href":"https:\/\/chuparty.vn\/index.php?rest_route=%2Fwp%2Fv2%2Fproduct_tag&post=11347"}],"curies":[{"name":"wp","href":"https:\/\/api.w.org\/{rel}","templated":true}]}}