{"id":11322,"date":"2026-04-14T13:48:55","date_gmt":"2026-04-14T06:48:55","guid":{"rendered":"https:\/\/chuparty.vn\/?post_type=product&#038;p=11322"},"modified":"2026-04-14T13:51:56","modified_gmt":"2026-04-14T06:51:56","slug":"dich-vu-trang-tri-set-up-for-car-ms01-2","status":"publish","type":"product","link":"https:\/\/chuparty.vn\/?product=dich-vu-trang-tri-set-up-for-car-ms01-2","title":{"rendered":"D\u1ecaCH V\u1ee4 TRANG TR\u00cd \u2013 SET UP FOR CAR MS02"},"content":{"rendered":"<p><strong>D\u1ecbch v\u1ee5 trang tr\u00ed tr\u1ecdn g\u00f3i \u2013 SET UP FOR CAR MS01 t\u1ea1i Chu \u0111\u01b0\u1ee3c thi\u1ebft k\u1ebf ph\u00f9 h\u1ee3p cho bu\u1ed5i L\u1ec5 nh\u1eadn xe c\u1ee7a b\u1ea1n. <\/strong>G\u00f3i \u0111\u01b0\u1ee3c c\u00e1 nh\u00e2n h\u00f3a theo nhu c\u1ea7u v\u00e0 budget c\u1ee7a b\u1ea1n. G\u1ed3m:<\/p>\n<p>* 02 tr\u1ee5 b\u00f3ng Jumbo gi\u1ea3 bay &#8211; m\u00e0u b\u00f3ng v\u00e0 n\u1ed9i dung t\u00f9y ch\u1ecdn theo y\u00eau c\u1ea7u<br \/>\n* 02 tr\u1ee5 b\u00f3ng Ph\u00e1o hoa<br \/>\n* 02 b\u00f3ng tr\u00f2n helium 18in ~ 40cm<br \/>\n* 10 b\u00f3ng tr\u00f2n helium 25cm<br \/>\n* 4 b\u00f3ng h\u1ed9p qu\u00e0 handmade<br \/>\n* T\u1eb7ng 30 b\u00f3ng tr\u00f2n &#8211; b\u01a1m th\u01b0\u1eddng th\u1ea3 s\u00e0n<\/p>\n<ul>\n<li><strong>L\u01b0u \u00fd:\u00a0 Kh\u00f4ng bao g\u1ed3m B\u00f3 hoa handmade<br \/>\n<\/strong><strong style=\"font-size: 1rem;\">C\u00e1c h\u1ea1ng m\u1ee5c set up vui l\u00f2ng \u0111\u1ecdc k\u1ef9 th\u00f4ng tin v\u00e0 x\u00e1c nh\u1eadn, ch\u1ed1t th\u00f4ng tin v\u1edbi t\u01b0 v\u1ea5n vi\u00ean.<br \/>\n<\/strong><strong>Set up \u0111\u01b0\u1ee3c th\u1ef1c hi\u1ec7n trong v\u00f2ng 2-3h, n\u1ebfu d\u1eddi l\u1ecbch vui l\u00f2ng b\u00e1o tr\u01b0\u1edbc \u00edt nh\u1ea5t 3-4h, n\u1ebfu kh\u00f4ng b\u00e1o ho\u1eb7c b\u00e1o ch\u1eadm h\u01a1n th\u1eddi gian tr\u00ean, xin ph\u00e9p h\u1ee7y \u0111\u01a1n kh\u00f4ng ho\u00e0n c\u1ecdc.<\/strong><\/li>\n<\/ul>\n","protected":false},"excerpt":{"rendered":"<p>D\u1ecbch v\u1ee5 trang tr\u00ed tr\u1ecdn g\u00f3i \u2013 SET UP FOR CAR MS01 t\u1ea1i Chu \u0111\u01b0\u1ee3c thi\u1ebft k\u1ebf ph\u00f9 h\u1ee3p cho bu\u1ed5i L\u1ec5 nh\u1eadn xe c\u1ee7a b\u1ea1n. G\u00f3i \u0111\u01b0\u1ee3c c\u00e1 nh\u00e2n h\u00f3a theo nhu c\u1ea7u v\u00e0 budget c\u1ee7a b\u1ea1n. G\u1ed3m: * 02 tr\u1ee5 b\u00f3ng Jumbo gi\u1ea3 bay &#8211; m\u00e0u b\u00f3ng v\u00e0 n\u1ed9i dung t\u00f9y ch\u1ecdn theo [&hellip;]<\/p>\n","protected":false},"featured_media":11300,"comment_status":"open","ping_status":"closed","template":"","meta":[],"product_cat":[531,407],"product_tag":[],"class_list":{"0":"post-11322","1":"product","2":"type-product","3":"status-publish","4":"has-post-thumbnail","6":"product_cat-trang-tri-xe","7":"product_cat-set-up","9":"first","10":"instock","11":"shipping-taxable","12":"purchasable","13":"product-type-simple"},"_links":{"self":[{"href":"https:\/\/chuparty.vn\/index.php?rest_route=\/wp\/v2\/product\/11322","targetHints":{"allow":["GET"]}}],"collection":[{"href":"https:\/\/chuparty.vn\/index.php?rest_route=\/wp\/v2\/product"}],"about":[{"href":"https:\/\/chuparty.vn\/index.php?rest_route=\/wp\/v2\/types\/product"}],"replies":[{"embeddable":true,"href":"https:\/\/chuparty.vn\/index.php?rest_route=%2Fwp%2Fv2%2Fcomments&post=11322"}],"wp:featuredmedia":[{"embeddable":true,"href":"https:\/\/chuparty.vn\/index.php?rest_route=\/wp\/v2\/media\/11300"}],"wp:attachment":[{"href":"https:\/\/chuparty.vn\/index.php?rest_route=%2Fwp%2Fv2%2Fmedia&parent=11322"}],"wp:term":[{"taxonomy":"product_cat","embeddable":true,"href":"https:\/\/chuparty.vn\/index.php?rest_route=%2Fwp%2Fv2%2Fproduct_cat&post=11322"},{"taxonomy":"product_tag","embeddable":true,"href":"https:\/\/chuparty.vn\/index.php?rest_route=%2Fwp%2Fv2%2Fproduct_tag&post=11322"}],"curies":[{"name":"wp","href":"https:\/\/api.w.org\/{rel}","templated":true}]}}