{"id":11306,"date":"2026-03-30T16:36:30","date_gmt":"2026-03-30T09:36:30","guid":{"rendered":"https:\/\/chuparty.vn\/?post_type=product&#038;p=11306"},"modified":"2026-04-20T10:53:04","modified_gmt":"2026-04-20T03:53:04","slug":"bong-tao-hinh-nhan-vat-big-dog-s","status":"publish","type":"product","link":"https:\/\/chuparty.vn\/?product=bong-tao-hinh-nhan-vat-big-dog-s","title":{"rendered":"DOG HANDMADE &#8211; S"},"content":{"rendered":"<ul>\n<li><strong>\u00a0Th\u00f4ng tin chi ti\u1ebft s\u1ea3n ph\u1ea9m: B\u00f3ng Ch\u00fa Ch\u00f3 &#8211; BIG DOG SIZE S<\/strong>\n<ul>\n<li>Ch\u1ea5t li\u1ec7u: b\u00f3ng cao su<\/li>\n<li>M\u00e0u s\u1eafc: b\u1ea1n c\u00f3 th\u1ec3 y\u00eau c\u1ea7u m\u00e0u s\u1eafc b\u00f3ng theo s\u1edf th\u00edch<\/li>\n<li>Lo\u1ea1i b\u00f3ng: Ch\u00fa Ch\u00f3 Handmade<\/li>\n<li>K\u00edch th\u01b0\u1edbc:\u00a0 c\u00f3 c\u00e1c size XL, L, M, S \u0111\u01b0\u1ee3c l\u00e0m handmade t\u1eeb b\u00f3ng tr\u00f2n 36in, 24in, 12in v\u00e0 5in<\/li>\n<li>Gi\u00e1 s\u1ea3n ph\u1ea9m : 300,000 \/ size M v\u00e0 150,000 \/ size S<\/li>\n<li>M\u00e0u b\u00f3ng t\u00f9y ch\u1ecdn theo ch\u1ee7 \u0111\u1ec1 y\u00eau c\u1ea7u<\/li>\n<\/ul>\n<\/li>\n<li><strong>L\u01afU \u00dd: B\u00f3ng kh\u00e1 to n\u00ean s\u1ebd giao b\u1eb1ng xe h\u01a1i\/ t\u1ea3i \u0111\u1ec3 \u0111\u1ea3m b\u1ea3o an to\u00e0n v\u1eadn chuy\u1ec3n \u0111\u1ed1i v\u1edbi h\u00e0ng h\u00f3a c\u1ed3ng k\u1ec1nh<\/strong><\/li>\n<\/ul>\n","protected":false},"excerpt":{"rendered":"<p>\u00a0Th\u00f4ng tin chi ti\u1ebft s\u1ea3n ph\u1ea9m: B\u00f3ng Ch\u00fa Ch\u00f3 &#8211; BIG DOG SIZE S Ch\u1ea5t li\u1ec7u: b\u00f3ng cao su M\u00e0u s\u1eafc: b\u1ea1n c\u00f3 th\u1ec3 y\u00eau c\u1ea7u m\u00e0u s\u1eafc b\u00f3ng theo s\u1edf th\u00edch Lo\u1ea1i b\u00f3ng: Ch\u00fa Ch\u00f3 Handmade K\u00edch th\u01b0\u1edbc:\u00a0 c\u00f3 c\u00e1c size XL, L, M, S \u0111\u01b0\u1ee3c l\u00e0m handmade t\u1eeb b\u00f3ng tr\u00f2n 36in, 24in, 12in [&hellip;]<\/p>\n","protected":false},"featured_media":11307,"comment_status":"open","ping_status":"closed","template":"","meta":[],"product_cat":[366,107,497],"product_tag":[],"class_list":{"0":"post-11306","1":"product","2":"type-product","3":"status-publish","4":"has-post-thumbnail","6":"product_cat-combo-bong-tru-handmade","7":"product_cat-surprise-balloon","8":"product_cat-characters-balloon","10":"first","11":"instock","12":"shipping-taxable","13":"purchasable","14":"product-type-simple"},"_links":{"self":[{"href":"https:\/\/chuparty.vn\/index.php?rest_route=\/wp\/v2\/product\/11306","targetHints":{"allow":["GET"]}}],"collection":[{"href":"https:\/\/chuparty.vn\/index.php?rest_route=\/wp\/v2\/product"}],"about":[{"href":"https:\/\/chuparty.vn\/index.php?rest_route=\/wp\/v2\/types\/product"}],"replies":[{"embeddable":true,"href":"https:\/\/chuparty.vn\/index.php?rest_route=%2Fwp%2Fv2%2Fcomments&post=11306"}],"wp:featuredmedia":[{"embeddable":true,"href":"https:\/\/chuparty.vn\/index.php?rest_route=\/wp\/v2\/media\/11307"}],"wp:attachment":[{"href":"https:\/\/chuparty.vn\/index.php?rest_route=%2Fwp%2Fv2%2Fmedia&parent=11306"}],"wp:term":[{"taxonomy":"product_cat","embeddable":true,"href":"https:\/\/chuparty.vn\/index.php?rest_route=%2Fwp%2Fv2%2Fproduct_cat&post=11306"},{"taxonomy":"product_tag","embeddable":true,"href":"https:\/\/chuparty.vn\/index.php?rest_route=%2Fwp%2Fv2%2Fproduct_tag&post=11306"}],"curies":[{"name":"wp","href":"https:\/\/api.w.org\/{rel}","templated":true}]}}