{"id":11262,"date":"2026-03-28T11:10:46","date_gmt":"2026-03-28T04:10:46","guid":{"rendered":"https:\/\/chuparty.vn\/?post_type=product&#038;p=11262"},"modified":"2026-04-21T14:01:33","modified_gmt":"2026-04-21T07:01:33","slug":"cake-balloon-bong-banh-sinh-nhat-2-tang","status":"publish","type":"product","link":"https:\/\/chuparty.vn\/?product=cake-balloon-bong-banh-sinh-nhat-2-tang","title":{"rendered":"CAKE BALLOON \u2013 B\u00d3NG B\u00c1NH SINH NH\u1eacT 2 T\u1ea6NG SIZE S"},"content":{"rendered":"<p><strong>Th\u00f4ng tin chi ti\u1ebft s\u1ea3n ph\u1ea9m:\u00a0<\/strong>CAKE BALLOON B\u00d3NG B\u00c1NH SINH NH\u1eacT 2 T\u1ea6NG SIZE S<\/p>\n<p>* 1 B\u00f3ng b\u00e1nh kem tone m\u00e0u t\u00f9y ch\u1ecdn<br \/>\n* Kich th\u01b0\u1edbc: 2 t\u1ea7ng<\/p>\n<p><strong>L\u01b0u \u00fd: KH\u00d4NG BAO G\u1ed2M STICKER CH\u1eee D\u00c1N TR\u00caN B\u00d3NG, N\u1ebeU C\u00d3 Y\u00caU C\u1ea6U H\u00c3Y LI\u00caN H\u1ec6 V\u1edaI NH\u00c2N VI\u00caN T\u01af V\u1ea4N \u0110\u1ec2 \u0110\u01af\u1ee2C B\u00c1O GI\u00c1.<br \/>\n<\/strong>+ B\u00f3ng Jumbo\/ b\u00f3ng bay s\u1ebd \u0111\u01b0\u1ee3c giao b\u1eb1ng grab car\/taxi, \u0111\u1ec3 gi\u1eef an to\u00e0n cho bong b\u00f3ng tr\u01b0\u1edbc th\u1eddi ti\u1ebft (n\u1eafng ho\u1eb7c m\u01b0a) gi\u00fap cho b\u00f3ng gi\u1eef \u0111\u01b0\u1ee3c m\u00e0u s\u1eafc kh\u00f4ng b\u1ecb xu\u1ed1ng m\u00e0u ho\u1eb7c b\u1ecb b\u1ec3 do va \u0111\u1eadp. \u00a0Ph\u00ed v\u1eadn chuy\u1ec3n s\u1ebd \u0111\u01b0\u1ee3c th\u00f4ng b\u00e1o khi book xe .<br \/>\n+ B\u00f3ng Jumbo\/ b\u00f3ng bay \u0111\u1eb9p nh\u1ea5t t\u1eeb 6-8 ti\u1ebfng \u0111\u1ea7u (trong th\u1eddi gian n\u00e0y b\u00f3ng s\u1ebd lu\u00f4n s\u00e1ng \u0111\u1eb9p v\u00e0 \u0111\u1ed9 bay s\u1ebd \u0111\u01b0\u1ee3c \u0111\u1ea3m b\u1ea3o t\u1ed1t nh\u1ea5t.<br \/>\n+ H\u1ea1n ch\u1ebf \u0111\u1ec3 bong b\u00f3ng \u1edf ngo\u00e0i tr\u1eddi ho\u1eb7c n\u01a1i c\u00f3 nhi\u1ec7t \u0111\u1ed9 cao, g\u1ea7n m\u1eb7t tr\u1eddi ho\u1eb7c \u00e1nh \u0111\u00e8n n\u00f3ng s\u1ebd l\u00e0m v\u1ee1 b\u00f3ng.<\/p>\n","protected":false},"excerpt":{"rendered":"<p>Th\u00f4ng tin chi ti\u1ebft s\u1ea3n ph\u1ea9m:\u00a0CAKE BALLOON B\u00d3NG B\u00c1NH SINH NH\u1eacT 2 T\u1ea6NG SIZE S * 1 B\u00f3ng b\u00e1nh kem tone m\u00e0u t\u00f9y ch\u1ecdn * Kich th\u01b0\u1edbc: 2 t\u1ea7ng L\u01b0u \u00fd: KH\u00d4NG BAO G\u1ed2M STICKER CH\u1eee D\u00c1N TR\u00caN B\u00d3NG, N\u1ebeU C\u00d3 Y\u00caU C\u1ea6U H\u00c3Y LI\u00caN H\u1ec6 V\u1edaI NH\u00c2N VI\u00caN T\u01af V\u1ea4N \u0110\u1ec2 \u0110\u01af\u1ee2C B\u00c1O GI\u00c1. [&hellip;]<\/p>\n","protected":false},"featured_media":11288,"comment_status":"open","ping_status":"closed","template":"","meta":[],"product_cat":[135,366,493],"product_tag":[],"class_list":{"0":"post-11262","1":"product","2":"type-product","3":"status-publish","4":"has-post-thumbnail","6":"product_cat-new-arrival","7":"product_cat-combo-bong-tru-handmade","8":"product_cat-cake-balloon","10":"first","11":"instock","12":"shipping-taxable","13":"purchasable","14":"product-type-simple"},"_links":{"self":[{"href":"https:\/\/chuparty.vn\/index.php?rest_route=\/wp\/v2\/product\/11262","targetHints":{"allow":["GET"]}}],"collection":[{"href":"https:\/\/chuparty.vn\/index.php?rest_route=\/wp\/v2\/product"}],"about":[{"href":"https:\/\/chuparty.vn\/index.php?rest_route=\/wp\/v2\/types\/product"}],"replies":[{"embeddable":true,"href":"https:\/\/chuparty.vn\/index.php?rest_route=%2Fwp%2Fv2%2Fcomments&post=11262"}],"wp:featuredmedia":[{"embeddable":true,"href":"https:\/\/chuparty.vn\/index.php?rest_route=\/wp\/v2\/media\/11288"}],"wp:attachment":[{"href":"https:\/\/chuparty.vn\/index.php?rest_route=%2Fwp%2Fv2%2Fmedia&parent=11262"}],"wp:term":[{"taxonomy":"product_cat","embeddable":true,"href":"https:\/\/chuparty.vn\/index.php?rest_route=%2Fwp%2Fv2%2Fproduct_cat&post=11262"},{"taxonomy":"product_tag","embeddable":true,"href":"https:\/\/chuparty.vn\/index.php?rest_route=%2Fwp%2Fv2%2Fproduct_tag&post=11262"}],"curies":[{"name":"wp","href":"https:\/\/api.w.org\/{rel}","templated":true}]}}