{"id":11093,"date":"2026-01-14T17:37:14","date_gmt":"2026-01-14T10:37:14","guid":{"rendered":"https:\/\/chuparty.vn\/?post_type=product&#038;p=11093"},"modified":"2026-03-01T14:56:13","modified_gmt":"2026-03-01T07:56:13","slug":"tru-bong-handmade-for-girl","status":"publish","type":"product","link":"https:\/\/chuparty.vn\/?product=tru-bong-handmade-for-girl","title":{"rendered":"COMBO TR\u1ee4 B\u00d3NG HANDMADE FOR GIRL"},"content":{"rendered":"<p><strong>Chi ti\u1ebft s\u1ea3n ph\u1ea9m:<\/strong><br \/>\n<strong>G\u1ed3m 1 tr\u1ee5 b\u00f3ng handmade s\u1ed1 10\u00a0 &amp; 1 tr\u1ee5 b\u00f3ng Jumbo gi\u1ea3 bay<\/strong><\/p>\n<ul>\n<li>B\u00f3ng S\u1ed1 m\u00e0u Rosegold size 100cm\u00a0 * 2<\/li>\n<li>B\u00f3ng tr\u00f2n t\u1ea1o h\u00ecnh tr\u1ee5 b\u00f3ng \u2013 tone h\u1ed3ng mix tr\u1eafng &amp; champange<\/li>\n<li>B\u00f3ng t\u1ea1o h\u00ecnh hoa daisy trang tr\u00ed xung quay tr\u1ee5 \u2013 tone h\u1ed3ng mix tr\u1eafng &amp; champange<\/li>\n<li>K\u00edch th\u01b0\u1edbc tr\u1ee5 b\u00f3ng: 100cm * 130cm<\/li>\n<li>1 Tr\u1ee5 B\u00f3ng Jumbo gi\u1ea3 bay \u2013 tone h\u1ed3ng mix tr\u1eafng &amp; champange. N\u1ed9i dung tr\u00ean b\u00f3ng tu\u1ef3 ch\u1ecdn theo y\u00eau c\u1ea7u.<\/li>\n<li>K\u00edch th\u01b0\u1edbc tr\u1ee5 b\u00f3ng JUMBO: 160cm<\/li>\n<\/ul>\n<p>+ B\u00f3ng handmade s\u1ebd \u0111\u01b0\u1ee3c giao b\u1eb1ng grab car\/taxi ho\u1eb7c xe ch\u1edf h\u00e0ng lalamove, \u0111\u1ec3 gi\u1eef an to\u00e0n cho bong b\u00f3ng tr\u01b0\u1edbc th\u1eddi ti\u1ebft (n\u1eafng ho\u1eb7c m\u01b0a) gi\u00fap cho b\u00f3ng gi\u1eef \u0111\u01b0\u1ee3c m\u00e0u s\u1eafc kh\u00f4ng b\u1ecb xu\u1ed1ng m\u00e0u ho\u1eb7c b\u1ecb b\u1ec3 do va \u0111\u1eadp. Ph\u00ed v\u1eadn chuy\u1ec3n s\u1ebd \u0111\u01b0\u1ee3c th\u00f4ng b\u00e1o khi book xe .<br \/>\n+ B\u00f3ng \u0111\u1eb9p nh\u1ea5t t\u1eeb 6-8 ti\u1ebfng \u0111\u1ea7u ti\u00ean (trong th\u1eddi gian n\u00e0y b\u00f3ng s\u1ebd lu\u00f4n s\u00e1ng \u0111\u1eb9p v\u00e0 \u0111\u1ed9 bay s\u1ebd \u0111\u01b0\u1ee3c \u0111\u1ea3m b\u1ea3o t\u1ed1t nh\u1ea5t)<br \/>\n+ H\u1ea1n ch\u1ebf \u0111\u1ec3 bong b\u00f3ng \u1edf ngo\u00e0i tr\u1eddi ho\u1eb7c n\u01a1i c\u00f3 nhi\u1ec7t \u0111\u1ed9 cao, g\u1ea7n m\u1eb7t tr\u1eddi ho\u1eb7c \u00e1nh \u0111\u00e8n n\u00f3ng s\u1ebd l\u00e0m v\u1ee1 b\u00f3ng.<\/p>\n","protected":false},"excerpt":{"rendered":"<p>Chi ti\u1ebft s\u1ea3n ph\u1ea9m: G\u1ed3m 1 tr\u1ee5 b\u00f3ng handmade s\u1ed1 10\u00a0 &amp; 1 tr\u1ee5 b\u00f3ng Jumbo gi\u1ea3 bay B\u00f3ng S\u1ed1 m\u00e0u Rosegold size 100cm\u00a0 * 2 B\u00f3ng tr\u00f2n t\u1ea1o h\u00ecnh tr\u1ee5 b\u00f3ng \u2013 tone h\u1ed3ng mix tr\u1eafng &amp; champange B\u00f3ng t\u1ea1o h\u00ecnh hoa daisy trang tr\u00ed xung quay tr\u1ee5 \u2013 tone h\u1ed3ng mix tr\u1eafng &amp; [&hellip;]<\/p>\n","protected":false},"featured_media":11094,"comment_status":"open","ping_status":"closed","template":"","meta":[],"product_cat":[366,496,479,376],"product_tag":[],"class_list":{"0":"post-11093","1":"product","2":"type-product","3":"status-publish","4":"has-post-thumbnail","6":"product_cat-combo-bong-tru-handmade","7":"product_cat-combo-tru-bong-handmade","8":"product_cat-tru-bong-jumbo-gia-bay","9":"product_cat-tru-bong-handmade","11":"first","12":"instock","13":"shipping-taxable","14":"purchasable","15":"product-type-simple"},"_links":{"self":[{"href":"https:\/\/chuparty.vn\/index.php?rest_route=\/wp\/v2\/product\/11093","targetHints":{"allow":["GET"]}}],"collection":[{"href":"https:\/\/chuparty.vn\/index.php?rest_route=\/wp\/v2\/product"}],"about":[{"href":"https:\/\/chuparty.vn\/index.php?rest_route=\/wp\/v2\/types\/product"}],"replies":[{"embeddable":true,"href":"https:\/\/chuparty.vn\/index.php?rest_route=%2Fwp%2Fv2%2Fcomments&post=11093"}],"wp:featuredmedia":[{"embeddable":true,"href":"https:\/\/chuparty.vn\/index.php?rest_route=\/wp\/v2\/media\/11094"}],"wp:attachment":[{"href":"https:\/\/chuparty.vn\/index.php?rest_route=%2Fwp%2Fv2%2Fmedia&parent=11093"}],"wp:term":[{"taxonomy":"product_cat","embeddable":true,"href":"https:\/\/chuparty.vn\/index.php?rest_route=%2Fwp%2Fv2%2Fproduct_cat&post=11093"},{"taxonomy":"product_tag","embeddable":true,"href":"https:\/\/chuparty.vn\/index.php?rest_route=%2Fwp%2Fv2%2Fproduct_tag&post=11093"}],"curies":[{"name":"wp","href":"https:\/\/api.w.org\/{rel}","templated":true}]}}