{"id":10923,"date":"2025-11-18T16:01:20","date_gmt":"2025-11-18T09:01:20","guid":{"rendered":"https:\/\/chuparty.vn\/?post_type=product&#038;p=10923"},"modified":"2025-12-16T10:55:19","modified_gmt":"2025-12-16T03:55:19","slug":"happy-new-year-confetti-cannon","status":"publish","type":"product","link":"https:\/\/chuparty.vn\/?product=happy-new-year-confetti-cannon","title":{"rendered":"HAPPY NEW YEAR CONFETTI CANNON"},"content":{"rendered":"<p><strong>Chi ti\u1ebft s\u1ea3n ph\u1ea9m:<\/strong> S\u00fang b\u1eafn Confetti (b\u00f4ng gi\u1ea5y) gi\u00fap cho bu\u1ed5i ti\u1ec7c YEAR END PARTY ho\u1eb7c TI\u1ec6C CH\u00c0O \u0110\u00d3N N\u0102M M\u1edaI c\u1ee7a b\u1ea1n th\u00eam ph\u1ea7n r\u1ef1c r\u00f5 &amp; vui nh\u1ed9n.<\/p>\n<ul>\n<li>K\u00edch th\u01b0\u1edbc: 30cm<\/li>\n<li>Ch\u1ea5t li\u1ec7u: b\u1ed9t m\u00e0u an to\u00e0n s\u1ee9c kh\u1ecfe<\/li>\n<li>M\u00e0u s\u1eafc b\u00f4ng gi\u1ea5y: Gold, B\u1ea1c, Rosegold<\/li>\n<li>C\u00e1ch th\u1ee9c \u0111\u00f3ng g\u00f3i : 1 c\u00e1i\/t\u00fai<\/li>\n<\/ul>\n","protected":false},"excerpt":{"rendered":"<p>Chi ti\u1ebft s\u1ea3n ph\u1ea9m: S\u00fang b\u1eafn Confetti (b\u00f4ng gi\u1ea5y) gi\u00fap cho bu\u1ed5i ti\u1ec7c YEAR END PARTY ho\u1eb7c TI\u1ec6C CH\u00c0O \u0110\u00d3N N\u0102M M\u1edaI c\u1ee7a b\u1ea1n th\u00eam ph\u1ea7n r\u1ef1c r\u00f5 &amp; vui nh\u1ed9n. K\u00edch th\u01b0\u1edbc: 30cm Ch\u1ea5t li\u1ec7u: b\u1ed9t m\u00e0u an to\u00e0n s\u1ee9c kh\u1ecfe M\u00e0u s\u1eafc b\u00f4ng gi\u1ea5y: Gold, B\u1ea1c, Rosegold C\u00e1ch th\u1ee9c \u0111\u00f3ng g\u00f3i : 1 [&hellip;]<\/p>\n","protected":false},"featured_media":10924,"comment_status":"open","ping_status":"closed","template":"","meta":[],"product_cat":[109,467],"product_tag":[],"class_list":{"0":"post-10923","1":"product","2":"type-product","3":"status-publish","4":"has-post-thumbnail","6":"product_cat-new-year","7":"product_cat-non-phu-kien-new-year","9":"first","10":"outofstock","11":"shipping-taxable","12":"purchasable","13":"product-type-simple"},"_links":{"self":[{"href":"https:\/\/chuparty.vn\/index.php?rest_route=\/wp\/v2\/product\/10923","targetHints":{"allow":["GET"]}}],"collection":[{"href":"https:\/\/chuparty.vn\/index.php?rest_route=\/wp\/v2\/product"}],"about":[{"href":"https:\/\/chuparty.vn\/index.php?rest_route=\/wp\/v2\/types\/product"}],"replies":[{"embeddable":true,"href":"https:\/\/chuparty.vn\/index.php?rest_route=%2Fwp%2Fv2%2Fcomments&post=10923"}],"wp:featuredmedia":[{"embeddable":true,"href":"https:\/\/chuparty.vn\/index.php?rest_route=\/wp\/v2\/media\/10924"}],"wp:attachment":[{"href":"https:\/\/chuparty.vn\/index.php?rest_route=%2Fwp%2Fv2%2Fmedia&parent=10923"}],"wp:term":[{"taxonomy":"product_cat","embeddable":true,"href":"https:\/\/chuparty.vn\/index.php?rest_route=%2Fwp%2Fv2%2Fproduct_cat&post=10923"},{"taxonomy":"product_tag","embeddable":true,"href":"https:\/\/chuparty.vn\/index.php?rest_route=%2Fwp%2Fv2%2Fproduct_tag&post=10923"}],"curies":[{"name":"wp","href":"https:\/\/api.w.org\/{rel}","templated":true}]}}