{"id":10907,"date":"2025-11-13T15:35:09","date_gmt":"2025-11-13T08:35:09","guid":{"rendered":"https:\/\/chuparty.vn\/?post_type=product&#038;p=10907"},"modified":"2026-04-15T17:05:42","modified_gmt":"2026-04-15T10:05:42","slug":"bong-ngua-bap-benh-trojan","status":"publish","type":"product","link":"https:\/\/chuparty.vn\/?product=bong-ngua-bap-benh-trojan","title":{"rendered":"B\u00d3NG NG\u1ef0A B\u1eacP B\u00caNH TROJAN"},"content":{"rendered":"<p><strong>Chi ti\u1ebft s\u1ea3n ph\u1ea9m: B\u00d3NG NG\u1ef0A B\u1eacP B\u00caNH TROJAN<\/strong><\/p>\n<ul>\n<li>K\u00edch th\u01b0\u1edbc: 43in ~ 110cm*100cm<\/li>\n<li>Ch\u1ea5t li\u1ec7u: nh\u00f4m k\u00ednh<\/li>\n<li>M\u00e0u s\u1eafc: M\u00e0u Gi\u00e1ng Sinh v\u00e0 M\u00e0u Vintage<\/li>\n<li>Qui c\u00e1ch \u0111\u00f3ng g\u00f3i: 1 con\/t\u00fai. B\u00f3ng \u0111\u01b0\u1ee3c giao \u1edf tr\u1ea1ng th\u00e1i ch\u01b0a b\u01a1m, b\u00f3ng c\u00f3 th\u1ec3 b\u01a1m b\u1eb1ng m\u00e1y b\u01a1m\/b\u01a1m tay t\u00f9y theo nhu c\u1ea7u s\u1eed d\u1ee5ng.<\/li>\n<\/ul>\n","protected":false},"excerpt":{"rendered":"<p>Chi ti\u1ebft s\u1ea3n ph\u1ea9m: B\u00d3NG NG\u1ef0A B\u1eacP B\u00caNH TROJAN K\u00edch th\u01b0\u1edbc: 43in ~ 110cm*100cm Ch\u1ea5t li\u1ec7u: nh\u00f4m k\u00ednh M\u00e0u s\u1eafc: M\u00e0u Gi\u00e1ng Sinh v\u00e0 M\u00e0u Vintage Qui c\u00e1ch \u0111\u00f3ng g\u00f3i: 1 con\/t\u00fai. B\u00f3ng \u0111\u01b0\u1ee3c giao \u1edf tr\u1ea1ng th\u00e1i ch\u01b0a b\u01a1m, b\u00f3ng c\u00f3 th\u1ec3 b\u01a1m b\u1eb1ng m\u00e1y b\u01a1m\/b\u01a1m tay t\u00f9y theo nhu c\u1ea7u s\u1eed d\u1ee5ng.<\/p>\n","protected":false},"featured_media":10908,"comment_status":"open","ping_status":"closed","template":"","meta":[],"product_cat":[535,507,523,318,137,322,423,135,68,46],"product_tag":[],"class_list":{"0":"post-10907","1":"product","2":"type-product","3":"status-publish","4":"has-post-thumbnail","6":"product_cat-bong-bong-1st-birthday","7":"product_cat-dong-gia-xx","8":"product_cat-gender-reveal","9":"product_cat-baby-shower","10":"product_cat-1st-birthday","11":"product_cat-christmas","12":"product_cat-bong-bong-xmas","13":"product_cat-new-arrival","14":"product_cat-bong-nhom","15":"product_cat-bong-hinh","17":"first","18":"instock","19":"shipping-taxable","20":"purchasable","21":"product-type-simple"},"_links":{"self":[{"href":"https:\/\/chuparty.vn\/index.php?rest_route=\/wp\/v2\/product\/10907","targetHints":{"allow":["GET"]}}],"collection":[{"href":"https:\/\/chuparty.vn\/index.php?rest_route=\/wp\/v2\/product"}],"about":[{"href":"https:\/\/chuparty.vn\/index.php?rest_route=\/wp\/v2\/types\/product"}],"replies":[{"embeddable":true,"href":"https:\/\/chuparty.vn\/index.php?rest_route=%2Fwp%2Fv2%2Fcomments&post=10907"}],"wp:featuredmedia":[{"embeddable":true,"href":"https:\/\/chuparty.vn\/index.php?rest_route=\/wp\/v2\/media\/10908"}],"wp:attachment":[{"href":"https:\/\/chuparty.vn\/index.php?rest_route=%2Fwp%2Fv2%2Fmedia&parent=10907"}],"wp:term":[{"taxonomy":"product_cat","embeddable":true,"href":"https:\/\/chuparty.vn\/index.php?rest_route=%2Fwp%2Fv2%2Fproduct_cat&post=10907"},{"taxonomy":"product_tag","embeddable":true,"href":"https:\/\/chuparty.vn\/index.php?rest_route=%2Fwp%2Fv2%2Fproduct_tag&post=10907"}],"curies":[{"name":"wp","href":"https:\/\/api.w.org\/{rel}","templated":true}]}}