{"id":10853,"date":"2025-10-21T10:16:20","date_gmt":"2025-10-21T03:16:20","guid":{"rendered":"https:\/\/chuparty.vn\/?post_type=product&#038;p=10853"},"modified":"2025-10-21T10:16:21","modified_gmt":"2025-10-21T03:16:21","slug":"tru-bong-handmade-20-10-2","status":"publish","type":"product","link":"https:\/\/chuparty.vn\/?product=tru-bong-handmade-20-10-2","title":{"rendered":"TR\u1ee4 B\u00d3NG HANDMADE 20.10"},"content":{"rendered":"<p><strong>h\u00f4ng tin chi ti\u1ebft s\u1ea3n ph\u1ea9m: TR\u1ee4 B\u00d3NG HANDMADE 20.10<br \/>\n<\/strong><br \/>\n* B\u00f3ng s\u1ed1 20,10 size 75cm<br \/>\n* Tr\u1ee5 b\u00f3ng handmade k\u00edch th\u01b0\u1edbc 150cm*120cm (W*H)<br \/>\n* M\u00e0u b\u00f3ng v\u00e0 ch\u1ee7 \u0111\u1ec1 c\u00f3 th\u1ec3 thay \u0111\u1ed5i theo y\u00eau c\u1ea7u<\/p>\n<p><strong>L\u01b0u \u00fd:<br \/>\n<\/strong>+ B\u00f3ng Tr\u1ee5 b\u00f3ng\/Jumbo\/ b\u00f3ng bay s\u1ebd \u0111\u01b0\u1ee3c giao b\u1eb1ng grab car\/taxi, \u0111\u1ec3 gi\u1eef an to\u00e0n cho bong b\u00f3ng tr\u01b0\u1edbc th\u1eddi ti\u1ebft (n\u1eafng ho\u1eb7c m\u01b0a) gi\u00fap cho b\u00f3ng gi\u1eef \u0111\u01b0\u1ee3c m\u00e0u s\u1eafc kh\u00f4ng b\u1ecb xu\u1ed1ng m\u00e0u ho\u1eb7c b\u1ecb b\u1ec3 do va \u0111\u1eadp. \u00a0Ph\u00ed v\u1eadn chuy\u1ec3n s\u1ebd \u0111\u01b0\u1ee3c th\u00f4ng b\u00e1o khi book xe .<br \/>\n+ B\u00f3ng \u0111\u1eb9p nh\u1ea5t t\u1eeb 6-8 ti\u1ebfng \u0111\u1ea7u (trong th\u1eddi gian n\u00e0y b\u00f3ng s\u1ebd lu\u00f4n s\u00e1ng \u0111\u1eb9p v\u00e0 \u0111\u1ed9 bay s\u1ebd \u0111\u01b0\u1ee3c \u0111\u1ea3m b\u1ea3o t\u1ed1t nh\u1ea5t) v<\/p>\n","protected":false},"excerpt":{"rendered":"<p>h\u00f4ng tin chi ti\u1ebft s\u1ea3n ph\u1ea9m: TR\u1ee4 B\u00d3NG HANDMADE 20.10 * B\u00f3ng s\u1ed1 20,10 size 75cm * Tr\u1ee5 b\u00f3ng handmade k\u00edch th\u01b0\u1edbc 150cm*120cm (W*H) * M\u00e0u b\u00f3ng v\u00e0 ch\u1ee7 \u0111\u1ec1 c\u00f3 th\u1ec3 thay \u0111\u1ed5i theo y\u00eau c\u1ea7u L\u01b0u \u00fd: + B\u00f3ng Tr\u1ee5 b\u00f3ng\/Jumbo\/ b\u00f3ng bay s\u1ebd \u0111\u01b0\u1ee3c giao b\u1eb1ng grab car\/taxi, \u0111\u1ec3 gi\u1eef an to\u00e0n [&hellip;]<\/p>\n","protected":false},"featured_media":10854,"comment_status":"open","ping_status":"closed","template":"","meta":[],"product_cat":[247,366,376],"product_tag":[],"class_list":{"0":"post-10853","1":"product","2":"type-product","3":"status-publish","4":"has-post-thumbnail","6":"product_cat-womens-day","7":"product_cat-combo-bong-tru-handmade","8":"product_cat-tru-bong-handmade","10":"first","11":"instock","12":"shipping-taxable","13":"purchasable","14":"product-type-simple"},"_links":{"self":[{"href":"https:\/\/chuparty.vn\/index.php?rest_route=\/wp\/v2\/product\/10853","targetHints":{"allow":["GET"]}}],"collection":[{"href":"https:\/\/chuparty.vn\/index.php?rest_route=\/wp\/v2\/product"}],"about":[{"href":"https:\/\/chuparty.vn\/index.php?rest_route=\/wp\/v2\/types\/product"}],"replies":[{"embeddable":true,"href":"https:\/\/chuparty.vn\/index.php?rest_route=%2Fwp%2Fv2%2Fcomments&post=10853"}],"wp:featuredmedia":[{"embeddable":true,"href":"https:\/\/chuparty.vn\/index.php?rest_route=\/wp\/v2\/media\/10854"}],"wp:attachment":[{"href":"https:\/\/chuparty.vn\/index.php?rest_route=%2Fwp%2Fv2%2Fmedia&parent=10853"}],"wp:term":[{"taxonomy":"product_cat","embeddable":true,"href":"https:\/\/chuparty.vn\/index.php?rest_route=%2Fwp%2Fv2%2Fproduct_cat&post=10853"},{"taxonomy":"product_tag","embeddable":true,"href":"https:\/\/chuparty.vn\/index.php?rest_route=%2Fwp%2Fv2%2Fproduct_tag&post=10853"}],"curies":[{"name":"wp","href":"https:\/\/api.w.org\/{rel}","templated":true}]}}