{"id":10833,"date":"2025-10-06T12:35:30","date_gmt":"2025-10-06T05:35:30","guid":{"rendered":"https:\/\/chuparty.vn\/?post_type=product&#038;p=10833"},"modified":"2026-02-24T13:19:29","modified_gmt":"2026-02-24T06:19:29","slug":"bong-4d-so-1-gau-nau","status":"publish","type":"product","link":"https:\/\/chuparty.vn\/?product=bong-4d-so-1-gau-nau","title":{"rendered":"B\u00d3NG 4D S\u1ed0 1 &#038; G\u1ea4U N\u00c2U"},"content":{"rendered":"<p>Chi ti\u1ebft s\u1ea3n ph\u1ea9m: B\u00d3NG H\u00ccNH 4D S\u1ed0 1 &amp; G\u1ea4U N\u00c2U<\/p>\n<p>B\u00f3ng 4D c\u00f3 h\u00ecnh g\u1ea5u v\u00e0 s\u1ed1 1 d\u00ednh li\u1ec1n, ph\u1ea7n ch\u00e2n l\u00e0 m\u1eb7t ph\u1eb3ng n\u00ean c\u00f3 th\u1ec3 t\u1ef1 \u0111\u1ee9ng \u0111\u1ec3 tr\u00ean m\u1eb7t \u0111\u1ea5t ho\u1eb7c tr\u00ean b\u00e0n trang tr\u00ed r\u1ea5t xinh.<br \/>\nK\u00edch th\u01b0\u1edbc:\u00a0 \u00a0*\u00a0 cm<br \/>\nCh\u1ea5t li\u1ec7u: nh\u00f4m k\u00ednh<br \/>\nC\u00e1ch th\u1ee9c \u0111\u00f3ng g\u00f3i : 1 b\u00f3ng\/t\u00fai + \u1ed1ng h\u00fat.<br \/>\n\u2013&gt; B\u00f3ng \u0111\u01b0\u1ee3c giao \u1edf tr\u1ea1ng th\u00e1i ch\u01b0a b\u01a1m, b\u00f3ng c\u00f3 th\u1ec3 b\u01a1m b\u1eb1ng m\u00e1y b\u01a1m\/b\u01a1m tay ho\u1eb7c kh\u00ed helium t\u00f9y theo nhu c\u1ea7u s\u1eed d\u1ee5ng.<br \/>\n\u2013&gt; N\u1ebfu b\u1ea1n c\u00f3 nhu c\u1ea7u b\u01a1m kh\u00ed helium \u0111\u1ec3 b\u00f3ng bay, vui l\u00f2ng li\u00ean h\u1ec7 v\u1edbi nh\u00e2n vi\u00ean b\u00e1n h\u00e0ng \u0111\u1ec3 \u0111\u01b0\u1ee3c t\u01b0 v\u1ea5n v\u00e0 b\u00e1o gi\u00e1.<\/p>\n","protected":false},"excerpt":{"rendered":"<p>Chi ti\u1ebft s\u1ea3n ph\u1ea9m: B\u00d3NG H\u00ccNH 4D S\u1ed0 1 &amp; G\u1ea4U N\u00c2U B\u00f3ng 4D c\u00f3 h\u00ecnh g\u1ea5u v\u00e0 s\u1ed1 1 d\u00ednh li\u1ec1n, ph\u1ea7n ch\u00e2n l\u00e0 m\u1eb7t ph\u1eb3ng n\u00ean c\u00f3 th\u1ec3 t\u1ef1 \u0111\u1ee9ng \u0111\u1ec3 tr\u00ean m\u1eb7t \u0111\u1ea5t ho\u1eb7c tr\u00ean b\u00e0n trang tr\u00ed r\u1ea5t xinh. K\u00edch th\u01b0\u1edbc:\u00a0 \u00a0*\u00a0 cm Ch\u1ea5t li\u1ec7u: nh\u00f4m k\u00ednh C\u00e1ch th\u1ee9c \u0111\u00f3ng g\u00f3i [&hellip;]<\/p>\n","protected":false},"featured_media":10834,"comment_status":"open","ping_status":"closed","template":"","meta":[],"product_cat":[535,137,135,68,84,46,429],"product_tag":[],"class_list":{"0":"post-10833","1":"product","2":"type-product","3":"status-publish","4":"has-post-thumbnail","6":"product_cat-bong-bong-1st-birthday","7":"product_cat-1st-birthday","8":"product_cat-new-arrival","9":"product_cat-bong-nhom","10":"product_cat-bong-so","11":"product_cat-bong-hinh","12":"product_cat-dong-gia-40k-45k","14":"first","15":"instock","16":"shipping-taxable","17":"purchasable","18":"product-type-simple"},"_links":{"self":[{"href":"https:\/\/chuparty.vn\/index.php?rest_route=\/wp\/v2\/product\/10833","targetHints":{"allow":["GET"]}}],"collection":[{"href":"https:\/\/chuparty.vn\/index.php?rest_route=\/wp\/v2\/product"}],"about":[{"href":"https:\/\/chuparty.vn\/index.php?rest_route=\/wp\/v2\/types\/product"}],"replies":[{"embeddable":true,"href":"https:\/\/chuparty.vn\/index.php?rest_route=%2Fwp%2Fv2%2Fcomments&post=10833"}],"wp:featuredmedia":[{"embeddable":true,"href":"https:\/\/chuparty.vn\/index.php?rest_route=\/wp\/v2\/media\/10834"}],"wp:attachment":[{"href":"https:\/\/chuparty.vn\/index.php?rest_route=%2Fwp%2Fv2%2Fmedia&parent=10833"}],"wp:term":[{"taxonomy":"product_cat","embeddable":true,"href":"https:\/\/chuparty.vn\/index.php?rest_route=%2Fwp%2Fv2%2Fproduct_cat&post=10833"},{"taxonomy":"product_tag","embeddable":true,"href":"https:\/\/chuparty.vn\/index.php?rest_route=%2Fwp%2Fv2%2Fproduct_tag&post=10833"}],"curies":[{"name":"wp","href":"https:\/\/api.w.org\/{rel}","templated":true}]}}