{"id":10550,"date":"2025-07-11T18:21:06","date_gmt":"2025-07-11T11:21:06","guid":{"rendered":"https:\/\/chuparty.vn\/?post_type=product&#038;p=10550"},"modified":"2025-07-11T18:21:07","modified_gmt":"2025-07-11T11:21:07","slug":"bo-bong-happy-birthday-hologram","status":"publish","type":"product","link":"https:\/\/chuparty.vn\/?product=bo-bong-happy-birthday-hologram","title":{"rendered":"B\u1ed8 B\u00d3NG HAPPY BIRTHDAY HOLOGRAM"},"content":{"rendered":"<p><strong>B\u1ed9 B\u00f3ng HAPPY BIRTHDAY HOLOGRAM <\/strong>s\u1ebd mang \u0111\u1ebfn cho b\u1ea1n m\u1ed9t kh\u00f4ng gian si\u00eau \u0111\u00e1ng y\u00eau v\u00e0 kh\u00e1c bi\u1ec7t, kh\u00f4ng nh\u00e0m ch\u00e1n.<br \/>\nH\u00e3y mang ch\u00fang v\u1ec1 v\u00e0 t\u1ef1 tay l\u00e0m n\u00ean bu\u1ed5i ti\u1ec7c tuy\u1ec7t v\u1eddi c\u00f9ng Chu Party nh\u00e9!<\/p>\n<p><strong>Th\u00f4ng tin s\u1ea3n ph\u1ea9m:<\/strong><\/p>\n<ul>\n<li>K\u00edch th\u01b0\u1edbc: 16in ~ 35cm \/ b\u00f3ng<\/li>\n<li>Ch\u1ea5t li\u1ec7u: nh\u00f4m ki\u1ebfng<\/li>\n<li>C\u00e1ch th\u1ee9c \u0111\u00f3ng g\u00f3i: 13 k\u00fd t\u1ef1\/t\u00fai<\/li>\n<\/ul>\n","protected":false},"excerpt":{"rendered":"<p>B\u1ed9 B\u00f3ng HAPPY BIRTHDAY HOLOGRAM s\u1ebd mang \u0111\u1ebfn cho b\u1ea1n m\u1ed9t kh\u00f4ng gian si\u00eau \u0111\u00e1ng y\u00eau v\u00e0 kh\u00e1c bi\u1ec7t, kh\u00f4ng nh\u00e0m ch\u00e1n. H\u00e3y mang ch\u00fang v\u1ec1 v\u00e0 t\u1ef1 tay l\u00e0m n\u00ean bu\u1ed5i ti\u1ec7c tuy\u1ec7t v\u1eddi c\u00f9ng Chu Party nh\u00e9! Th\u00f4ng tin s\u1ea3n ph\u1ea9m: K\u00edch th\u01b0\u1edbc: 16in ~ 35cm \/ b\u00f3ng Ch\u1ea5t li\u1ec7u: nh\u00f4m ki\u1ebfng C\u00e1ch [&hellip;]<\/p>\n","protected":false},"featured_media":10551,"comment_status":"open","ping_status":"closed","template":"","meta":[],"product_cat":[329,265,266,137,135,68,371],"product_tag":[],"class_list":{"0":"post-10550","1":"product","2":"type-product","3":"status-publish","4":"has-post-thumbnail","6":"product_cat-frozen","7":"product_cat-mermaid","8":"product_cat-under-the-sea","9":"product_cat-1st-birthday","10":"product_cat-new-arrival","11":"product_cat-bong-nhom","12":"product_cat-bong-chu","14":"first","15":"instock","16":"shipping-taxable","17":"purchasable","18":"product-type-simple"},"_links":{"self":[{"href":"https:\/\/chuparty.vn\/index.php?rest_route=\/wp\/v2\/product\/10550","targetHints":{"allow":["GET"]}}],"collection":[{"href":"https:\/\/chuparty.vn\/index.php?rest_route=\/wp\/v2\/product"}],"about":[{"href":"https:\/\/chuparty.vn\/index.php?rest_route=\/wp\/v2\/types\/product"}],"replies":[{"embeddable":true,"href":"https:\/\/chuparty.vn\/index.php?rest_route=%2Fwp%2Fv2%2Fcomments&post=10550"}],"wp:featuredmedia":[{"embeddable":true,"href":"https:\/\/chuparty.vn\/index.php?rest_route=\/wp\/v2\/media\/10551"}],"wp:attachment":[{"href":"https:\/\/chuparty.vn\/index.php?rest_route=%2Fwp%2Fv2%2Fmedia&parent=10550"}],"wp:term":[{"taxonomy":"product_cat","embeddable":true,"href":"https:\/\/chuparty.vn\/index.php?rest_route=%2Fwp%2Fv2%2Fproduct_cat&post=10550"},{"taxonomy":"product_tag","embeddable":true,"href":"https:\/\/chuparty.vn\/index.php?rest_route=%2Fwp%2Fv2%2Fproduct_tag&post=10550"}],"curies":[{"name":"wp","href":"https:\/\/api.w.org\/{rel}","templated":true}]}}