{"id":10540,"date":"2025-07-11T18:05:21","date_gmt":"2025-07-11T11:05:21","guid":{"rendered":"https:\/\/chuparty.vn\/?post_type=product&#038;p=10540"},"modified":"2025-07-11T18:05:22","modified_gmt":"2025-07-11T11:05:22","slug":"bo-bong-happy-birthday-mau-cream","status":"publish","type":"product","link":"https:\/\/chuparty.vn\/?product=bo-bong-happy-birthday-mau-cream","title":{"rendered":"B\u1ed8 B\u00d3NG HAPPY BIRTHDAY &#8211; M\u00c0U CREAM"},"content":{"rendered":"<p><strong>B\u1ed9 B\u00f3ng HAPPY BIRTHDAY <\/strong>s\u1ebd gi\u00fap b\u1ea1n t\u1ea1o n\u00ean nh\u1eefng l\u1eddi y\u00eau th\u01b0\u01a1ng, nh\u1eefng k\u1ec9 ni\u1ec7m kh\u00f4ng th\u1ec3 n\u00e0o qu\u00ean khi ch\u00fang ta t\u1ef1 tay trang tr\u00ed b\u1eefa ti\u1ec7c cho nh\u1eefng ng\u01b0\u1eddi th\u00e2n y\u00eau. H\u00e3y mang ch\u00fang v\u1ec1 v\u00e0 t\u1ef1 tay l\u00e0m n\u00ean bu\u1ed5i ti\u1ec7c tuy\u1ec7t v\u1eddi c\u00f9ng Chu Party nh\u00e9!<\/p>\n<p><strong>Th\u00f4ng tin s\u1ea3n ph\u1ea9m:<\/strong><\/p>\n<ul>\n<li>K\u00edch th\u01b0\u1edbc: 16in ~ 35cm \/ b\u00f3ng<\/li>\n<li>Ch\u1ea5t li\u1ec7u: nh\u00f4m ki\u1ebfng<\/li>\n<li>C\u00e1ch th\u1ee9c \u0111\u00f3ng g\u00f3i: 13 k\u00fd t\u1ef1\/t\u00fai<\/li>\n<\/ul>\n","protected":false},"excerpt":{"rendered":"<p>B\u1ed9 B\u00f3ng HAPPY BIRTHDAY s\u1ebd gi\u00fap b\u1ea1n t\u1ea1o n\u00ean nh\u1eefng l\u1eddi y\u00eau th\u01b0\u01a1ng, nh\u1eefng k\u1ec9 ni\u1ec7m kh\u00f4ng th\u1ec3 n\u00e0o qu\u00ean khi ch\u00fang ta t\u1ef1 tay trang tr\u00ed b\u1eefa ti\u1ec7c cho nh\u1eefng ng\u01b0\u1eddi th\u00e2n y\u00eau. H\u00e3y mang ch\u00fang v\u1ec1 v\u00e0 t\u1ef1 tay l\u00e0m n\u00ean bu\u1ed5i ti\u1ec7c tuy\u1ec7t v\u1eddi c\u00f9ng Chu Party nh\u00e9! Th\u00f4ng tin s\u1ea3n ph\u1ea9m: [&hellip;]<\/p>\n","protected":false},"featured_media":10541,"comment_status":"open","ping_status":"closed","template":"","meta":[],"product_cat":[68,371],"product_tag":[],"class_list":{"0":"post-10540","1":"product","2":"type-product","3":"status-publish","4":"has-post-thumbnail","6":"product_cat-bong-nhom","7":"product_cat-bong-chu","9":"first","10":"instock","11":"shipping-taxable","12":"purchasable","13":"product-type-simple"},"_links":{"self":[{"href":"https:\/\/chuparty.vn\/index.php?rest_route=\/wp\/v2\/product\/10540","targetHints":{"allow":["GET"]}}],"collection":[{"href":"https:\/\/chuparty.vn\/index.php?rest_route=\/wp\/v2\/product"}],"about":[{"href":"https:\/\/chuparty.vn\/index.php?rest_route=\/wp\/v2\/types\/product"}],"replies":[{"embeddable":true,"href":"https:\/\/chuparty.vn\/index.php?rest_route=%2Fwp%2Fv2%2Fcomments&post=10540"}],"wp:featuredmedia":[{"embeddable":true,"href":"https:\/\/chuparty.vn\/index.php?rest_route=\/wp\/v2\/media\/10541"}],"wp:attachment":[{"href":"https:\/\/chuparty.vn\/index.php?rest_route=%2Fwp%2Fv2%2Fmedia&parent=10540"}],"wp:term":[{"taxonomy":"product_cat","embeddable":true,"href":"https:\/\/chuparty.vn\/index.php?rest_route=%2Fwp%2Fv2%2Fproduct_cat&post=10540"},{"taxonomy":"product_tag","embeddable":true,"href":"https:\/\/chuparty.vn\/index.php?rest_route=%2Fwp%2Fv2%2Fproduct_tag&post=10540"}],"curies":[{"name":"wp","href":"https:\/\/api.w.org\/{rel}","templated":true}]}}