{"id":10534,"date":"2025-07-11T17:29:23","date_gmt":"2025-07-11T10:29:23","guid":{"rendered":"https:\/\/chuparty.vn\/?post_type=product&#038;p=10534"},"modified":"2026-04-21T11:51:27","modified_gmt":"2026-04-21T04:51:27","slug":"combo-2-tru-bong-con-ong","status":"publish","type":"product","link":"https:\/\/chuparty.vn\/?product=combo-2-tru-bong-con-ong","title":{"rendered":"COMBO 2 TR\u1ee4 B\u00d3NG CON ONG"},"content":{"rendered":"<p><strong>Th\u00f4ng tin chi ti\u1ebft s\u1ea3n ph\u1ea9m: TR\u1ee4 B\u00d3NG HANDMADE CH\u1ee6 \u0110\u1ec0 CON ONG<br \/>\n<\/strong><br \/>\n* B\u00f3ng h\u00ecnh con ong * 2<br \/>\n* Tr\u1ee5 b\u00f3ng handmade * 2<br \/>\n* B\u00f3ng tr\u00f2n tone m\u00e0u v\u00e0ng, b\u00f3ng trang tr\u00ed h\u00ecnh hoa daisy<br \/>\n* M\u00e0u b\u00f3ng v\u00e0 ch\u1ee7 \u0111\u1ec1 c\u00f3 th\u1ec3 thay \u0111\u1ed5i theo y\u00eau c\u1ea7u<\/p>\n<p><strong>L\u01b0u \u00fd:<br \/>\n<\/strong>+ B\u00f3ng Tr\u1ee5 b\u00f3ng\/Jumbo\/ b\u00f3ng bay s\u1ebd \u0111\u01b0\u1ee3c giao b\u1eb1ng grab car\/taxi, \u0111\u1ec3 gi\u1eef an to\u00e0n cho bong b\u00f3ng tr\u01b0\u1edbc th\u1eddi ti\u1ebft (n\u1eafng ho\u1eb7c m\u01b0a) gi\u00fap cho b\u00f3ng gi\u1eef \u0111\u01b0\u1ee3c m\u00e0u s\u1eafc kh\u00f4ng b\u1ecb xu\u1ed1ng m\u00e0u ho\u1eb7c b\u1ecb b\u1ec3 do va \u0111\u1eadp. \u00a0Ph\u00ed v\u1eadn chuy\u1ec3n s\u1ebd \u0111\u01b0\u1ee3c th\u00f4ng b\u00e1o khi book xe .<br \/>\n+ B\u00f3ng \u0111\u1eb9p nh\u1ea5t t\u1eeb 6-8 ti\u1ebfng \u0111\u1ea7u (trong th\u1eddi gian n\u00e0y b\u00f3ng s\u1ebd lu\u00f4n s\u00e1ng \u0111\u1eb9p v\u00e0 \u0111\u1ed9 bay s\u1ebd \u0111\u01b0\u1ee3c \u0111\u1ea3m b\u1ea3o t\u1ed1t nh\u1ea5t) v\u00e0 x\u1eb9p d\u1ea7n t\u00f9y v\u00e0o \u0111i\u1ec1u ki\u1ec7n b\u1ea3o qu\u1ea3n.<br \/>\n+ H\u1ea1n ch\u1ebf \u0111\u1ec3 bong b\u00f3ng \u1edf ngo\u00e0i tr\u1eddi ho\u1eb7c n\u01a1i c\u00f3 nhi\u1ec7t \u0111\u1ed9 cao, g\u1ea7n m\u1eb7t tr\u1eddi ho\u1eb7c \u00e1nh \u0111\u00e8n n\u00f3ng s\u1ebd l\u00e0m v\u1ee1 b\u00f3ng.<\/p>\n","protected":false},"excerpt":{"rendered":"<p>Th\u00f4ng tin chi ti\u1ebft s\u1ea3n ph\u1ea9m: TR\u1ee4 B\u00d3NG HANDMADE CH\u1ee6 \u0110\u1ec0 CON ONG * B\u00f3ng h\u00ecnh con ong * 2 * Tr\u1ee5 b\u00f3ng handmade * 2 * B\u00f3ng tr\u00f2n tone m\u00e0u v\u00e0ng, b\u00f3ng trang tr\u00ed h\u00ecnh hoa daisy * M\u00e0u b\u00f3ng v\u00e0 ch\u1ee7 \u0111\u1ec1 c\u00f3 th\u1ec3 thay \u0111\u1ed5i theo y\u00eau c\u1ea7u L\u01b0u \u00fd: + B\u00f3ng [&hellip;]<\/p>\n","protected":false},"featured_media":10535,"comment_status":"open","ping_status":"closed","template":"","meta":[],"product_cat":[103,262,259,318,365,337,366,496],"product_tag":[],"class_list":{"0":"post-10534","1":"product","2":"type-product","3":"status-publish","4":"has-post-thumbnail","6":"product_cat-daisy","7":"product_cat-farm","8":"product_cat-wooden-land","9":"product_cat-baby-shower","10":"product_cat-graduation","11":"product_cat-grand-opening","12":"product_cat-combo-bong-tru-handmade","13":"product_cat-combo-tru-bong-handmade","15":"first","16":"instock","17":"shipping-taxable","18":"purchasable","19":"product-type-simple"},"_links":{"self":[{"href":"https:\/\/chuparty.vn\/index.php?rest_route=\/wp\/v2\/product\/10534","targetHints":{"allow":["GET"]}}],"collection":[{"href":"https:\/\/chuparty.vn\/index.php?rest_route=\/wp\/v2\/product"}],"about":[{"href":"https:\/\/chuparty.vn\/index.php?rest_route=\/wp\/v2\/types\/product"}],"replies":[{"embeddable":true,"href":"https:\/\/chuparty.vn\/index.php?rest_route=%2Fwp%2Fv2%2Fcomments&post=10534"}],"wp:featuredmedia":[{"embeddable":true,"href":"https:\/\/chuparty.vn\/index.php?rest_route=\/wp\/v2\/media\/10535"}],"wp:attachment":[{"href":"https:\/\/chuparty.vn\/index.php?rest_route=%2Fwp%2Fv2%2Fmedia&parent=10534"}],"wp:term":[{"taxonomy":"product_cat","embeddable":true,"href":"https:\/\/chuparty.vn\/index.php?rest_route=%2Fwp%2Fv2%2Fproduct_cat&post=10534"},{"taxonomy":"product_tag","embeddable":true,"href":"https:\/\/chuparty.vn\/index.php?rest_route=%2Fwp%2Fv2%2Fproduct_tag&post=10534"}],"curies":[{"name":"wp","href":"https:\/\/api.w.org\/{rel}","templated":true}]}}