{"id":10509,"date":"2025-07-06T13:36:50","date_gmt":"2025-07-06T06:36:50","guid":{"rendered":"https:\/\/chuparty.vn\/?post_type=product&#038;p=10509"},"modified":"2026-02-24T11:40:31","modified_gmt":"2026-02-24T04:40:31","slug":"tru-bong-handmade-jumbo-for-boy","status":"publish","type":"product","link":"https:\/\/chuparty.vn\/?product=tru-bong-handmade-jumbo-for-boy","title":{"rendered":"COMBO TR\u1ee4 B\u00d3NG HANDMADE JUMBO"},"content":{"rendered":"<p><strong>Chi ti\u1ebft s\u1ea3n ph\u1ea9m:<\/strong> Tr\u1ee5 B\u00f3ng handmade Jumbo<\/p>\n<ul>\n<li>B\u00f3 hoa Mix size S &#8211; tone m\u00e0u t\u00f9y ch\u1ecdn theo y\u00eau c\u1ea7u<\/li>\n<li>B\u00f3ng Jumbo \u0111\u01b0\u1ee3c thi\u1ebft k\u1ebf n\u1ed9i dung v\u00e0 m\u00e0u b\u00f3ng t\u00f9y ch\u1ecdn theo y\u00eau c\u1ea7u<\/li>\n<li>B\u00f3ng S\u1ed1 size 100cm\u00a0 \u2013 m\u00e0u b\u00f3ng t\u00f9y ch\u1ecdn<\/li>\n<li>B\u00f3ng sao\/tim 40cm c\u00f9ng tone m\u00e0u<\/li>\n<li>K\u00edch th\u01b0\u1edbc tr\u1ee5 b\u00f3ng: 120cm * 150cm (W*H)+ B\u00f3ng handmade Jumbo\/ b\u00f3ng bay s\u1ebd \u0111\u01b0\u1ee3c giao b\u1eb1ng grab car\/taxi, \u0111\u1ec3 gi\u1eef an to\u00e0n cho bong b\u00f3ng tr\u01b0\u1edbc th\u1eddi ti\u1ebft (n\u1eafng ho\u1eb7c m\u01b0a) gi\u00fap cho b\u00f3ng gi\u1eef \u0111\u01b0\u1ee3c m\u00e0u s\u1eafc kh\u00f4ng b\u1ecb xu\u1ed1ng m\u00e0u ho\u1eb7c b\u1ecb b\u1ec3 do va \u0111\u1eadp. Ph\u00ed v\u1eadn chuy\u1ec3n s\u1ebd \u0111\u01b0\u1ee3c th\u00f4ng b\u00e1o khi book xe.<br \/>\n+ B\u00f3ng \u0111\u1eb9p nh\u1ea5t trong kho\u1ea3ng 8-10h \u0111\u1ea7u ti\u00ean (trong th\u1eddi gian n\u00e0y b\u00f3ng s\u1ebd lu\u00f4n s\u00e1ng \u0111\u1eb9p, c\u0103ng tr\u00f2n, m\u00e0u s\u1eafc r\u1ef1c r\u1ee1 nh\u1ea5t).<br \/>\n+ H\u1ea1n ch\u1ebf \u0111\u1ec3 bong b\u00f3ng \u1edf ngo\u00e0i tr\u1eddi ho\u1eb7c n\u01a1i c\u00f3 nhi\u1ec7t \u0111\u1ed9 cao, g\u1ea7n m\u1eb7t tr\u1eddi ho\u1eb7c \u00e1nh \u0111\u00e8n n\u00f3ng s\u1ebd l\u00e0m v\u1ee1 b\u00f3ng.<\/li>\n<\/ul>\n","protected":false},"excerpt":{"rendered":"<p>Chi ti\u1ebft s\u1ea3n ph\u1ea9m: Tr\u1ee5 B\u00f3ng handmade Jumbo B\u00f3 hoa Mix size S &#8211; tone m\u00e0u t\u00f9y ch\u1ecdn theo y\u00eau c\u1ea7u B\u00f3ng Jumbo \u0111\u01b0\u1ee3c thi\u1ebft k\u1ebf n\u1ed9i dung v\u00e0 m\u00e0u b\u00f3ng t\u00f9y ch\u1ecdn theo y\u00eau c\u1ea7u B\u00f3ng S\u1ed1 size 100cm\u00a0 \u2013 m\u00e0u b\u00f3ng t\u00f9y ch\u1ecdn B\u00f3ng sao\/tim 40cm c\u00f9ng tone m\u00e0u K\u00edch th\u01b0\u1edbc tr\u1ee5 b\u00f3ng: [&hellip;]<\/p>\n","protected":false},"featured_media":10510,"comment_status":"open","ping_status":"closed","template":"","meta":[],"product_cat":[537,536,366,496,376],"product_tag":[],"class_list":{"0":"post-10509","1":"product","2":"type-product","3":"status-publish","4":"has-post-thumbnail","6":"product_cat-blue","7":"product_cat-color","8":"product_cat-combo-bong-tru-handmade","9":"product_cat-combo-tru-bong-handmade","10":"product_cat-tru-bong-handmade","12":"first","13":"instock","14":"shipping-taxable","15":"purchasable","16":"product-type-simple"},"_links":{"self":[{"href":"https:\/\/chuparty.vn\/index.php?rest_route=\/wp\/v2\/product\/10509","targetHints":{"allow":["GET"]}}],"collection":[{"href":"https:\/\/chuparty.vn\/index.php?rest_route=\/wp\/v2\/product"}],"about":[{"href":"https:\/\/chuparty.vn\/index.php?rest_route=\/wp\/v2\/types\/product"}],"replies":[{"embeddable":true,"href":"https:\/\/chuparty.vn\/index.php?rest_route=%2Fwp%2Fv2%2Fcomments&post=10509"}],"wp:featuredmedia":[{"embeddable":true,"href":"https:\/\/chuparty.vn\/index.php?rest_route=\/wp\/v2\/media\/10510"}],"wp:attachment":[{"href":"https:\/\/chuparty.vn\/index.php?rest_route=%2Fwp%2Fv2%2Fmedia&parent=10509"}],"wp:term":[{"taxonomy":"product_cat","embeddable":true,"href":"https:\/\/chuparty.vn\/index.php?rest_route=%2Fwp%2Fv2%2Fproduct_cat&post=10509"},{"taxonomy":"product_tag","embeddable":true,"href":"https:\/\/chuparty.vn\/index.php?rest_route=%2Fwp%2Fv2%2Fproduct_tag&post=10509"}],"curies":[{"name":"wp","href":"https:\/\/api.w.org\/{rel}","templated":true}]}}