{"id":10358,"date":"2025-05-20T10:11:03","date_gmt":"2025-05-20T03:11:03","guid":{"rendered":"https:\/\/chuparty.vn\/?post_type=product&#038;p=10358"},"modified":"2025-10-27T09:50:00","modified_gmt":"2025-10-27T02:50:00","slug":"gender-reveal-confetti-cannon","status":"publish","type":"product","link":"https:\/\/chuparty.vn\/?product=gender-reveal-confetti-cannon","title":{"rendered":"PARTY CONFETTI CANNON"},"content":{"rendered":"<p><strong>Chi ti\u1ebft s\u1ea3n ph\u1ea9m:<\/strong> S\u00fang b\u1eafn Confetti (b\u00f4ng gi\u1ea5y) gi\u00fap cho bu\u1ed5i ti\u1ec7c c\u1ee7a b\u1ea1n th\u00eam ph\u1ea7n vui nh\u1ed9n.<\/p>\n<ul>\n<li>K\u00edch th\u01b0\u1edbc: 30cm<\/li>\n<li>Ch\u1ea5t li\u1ec7u: b\u1ed9t m\u00e0u an to\u00e0n s\u1ee9c kh\u1ecfe<\/li>\n<li>M\u00e0u s\u1eafc b\u00f4ng gi\u1ea5y: Gold, B\u1ea1c, Rosegold<\/li>\n<li>C\u00e1ch th\u1ee9c \u0111\u00f3ng g\u00f3i : 1 c\u00e1i\/t\u00fai<\/li>\n<\/ul>\n","protected":false},"excerpt":{"rendered":"<p>Chi ti\u1ebft s\u1ea3n ph\u1ea9m: S\u00fang b\u1eafn Confetti (b\u00f4ng gi\u1ea5y) gi\u00fap cho bu\u1ed5i ti\u1ec7c c\u1ee7a b\u1ea1n th\u00eam ph\u1ea7n vui nh\u1ed9n. K\u00edch th\u01b0\u1edbc: 30cm Ch\u1ea5t li\u1ec7u: b\u1ed9t m\u00e0u an to\u00e0n s\u1ee9c kh\u1ecfe M\u00e0u s\u1eafc b\u00f4ng gi\u1ea5y: Gold, B\u1ea1c, Rosegold C\u00e1ch th\u1ee9c \u0111\u00f3ng g\u00f3i : 1 c\u00e1i\/t\u00fai<\/p>\n","protected":false},"featured_media":10359,"comment_status":"open","ping_status":"closed","template":"","meta":[],"product_cat":[525,318,137,365,337,213,489,322,424,109,467,135,16,471],"product_tag":[],"class_list":{"0":"post-10358","1":"product","2":"type-product","3":"status-publish","4":"has-post-thumbnail","6":"product_cat-bridal-shower","7":"product_cat-baby-shower","8":"product_cat-1st-birthday","9":"product_cat-graduation","10":"product_cat-grand-opening","11":"product_cat-love-wedding-anniversary","12":"product_cat-phu-kien-cho-tiec-cau-hon-cuoi-valentine-anni","13":"product_cat-christmas","14":"product_cat-non-phu-kien-xmas","15":"product_cat-new-year","16":"product_cat-non-phu-kien-new-year","17":"product_cat-new-arrival","18":"product_cat-phu-kien-trang-tri","19":"product_cat-phu-kien-tiec","21":"first","22":"instock","23":"shipping-taxable","24":"purchasable","25":"product-type-simple"},"_links":{"self":[{"href":"https:\/\/chuparty.vn\/index.php?rest_route=\/wp\/v2\/product\/10358","targetHints":{"allow":["GET"]}}],"collection":[{"href":"https:\/\/chuparty.vn\/index.php?rest_route=\/wp\/v2\/product"}],"about":[{"href":"https:\/\/chuparty.vn\/index.php?rest_route=\/wp\/v2\/types\/product"}],"replies":[{"embeddable":true,"href":"https:\/\/chuparty.vn\/index.php?rest_route=%2Fwp%2Fv2%2Fcomments&post=10358"}],"wp:featuredmedia":[{"embeddable":true,"href":"https:\/\/chuparty.vn\/index.php?rest_route=\/wp\/v2\/media\/10359"}],"wp:attachment":[{"href":"https:\/\/chuparty.vn\/index.php?rest_route=%2Fwp%2Fv2%2Fmedia&parent=10358"}],"wp:term":[{"taxonomy":"product_cat","embeddable":true,"href":"https:\/\/chuparty.vn\/index.php?rest_route=%2Fwp%2Fv2%2Fproduct_cat&post=10358"},{"taxonomy":"product_tag","embeddable":true,"href":"https:\/\/chuparty.vn\/index.php?rest_route=%2Fwp%2Fv2%2Fproduct_tag&post=10358"}],"curies":[{"name":"wp","href":"https:\/\/api.w.org\/{rel}","templated":true}]}}