{"id":10356,"date":"2025-05-20T10:07:22","date_gmt":"2025-05-20T03:07:22","guid":{"rendered":"https:\/\/chuparty.vn\/?post_type=product&#038;p=10356"},"modified":"2025-05-21T12:02:47","modified_gmt":"2025-05-21T05:02:47","slug":"gender-reveal-powder-cannon","status":"publish","type":"product","link":"https:\/\/chuparty.vn\/?product=gender-reveal-powder-cannon","title":{"rendered":"GENDER REVEAL POWDER CANNON"},"content":{"rendered":"<p><strong>Chi ti\u1ebft s\u1ea3n ph\u1ea9m:<\/strong> S\u00fang b\u1eafn b\u1ed9t m\u00e0u Xanh\/ H\u1ed3ng ti\u1ebft l\u1ed9 gi\u1edbi t\u00ednh trong ti\u1ec7c Gender Reveal Party<\/p>\n<ul>\n<li>K\u00edch th\u01b0\u1edbc: 30cm<\/li>\n<li>Ch\u1ea5t li\u1ec7u: b\u1ed9t m\u00e0u an to\u00e0n s\u1ee9c kh\u1ecfe<\/li>\n<li>M\u00e0u s\u1eafc: Xanh ho\u1eb7c H\u1ed3ng<\/li>\n<li>C\u00e1ch th\u1ee9c \u0111\u00f3ng g\u00f3i : 1 c\u00e1i\/t\u00fai<\/li>\n<\/ul>\n","protected":false},"excerpt":{"rendered":"<p>Chi ti\u1ebft s\u1ea3n ph\u1ea9m: S\u00fang b\u1eafn b\u1ed9t m\u00e0u Xanh\/ H\u1ed3ng ti\u1ebft l\u1ed9 gi\u1edbi t\u00ednh trong ti\u1ec7c Gender Reveal Party K\u00edch th\u01b0\u1edbc: 30cm Ch\u1ea5t li\u1ec7u: b\u1ed9t m\u00e0u an to\u00e0n s\u1ee9c kh\u1ecfe M\u00e0u s\u1eafc: Xanh ho\u1eb7c H\u1ed3ng C\u00e1ch th\u1ee9c \u0111\u00f3ng g\u00f3i : 1 c\u00e1i\/t\u00fai<\/p>\n","protected":false},"featured_media":10362,"comment_status":"open","ping_status":"closed","template":"","meta":[],"product_cat":[523,318,135,16,471],"product_tag":[],"class_list":{"0":"post-10356","1":"product","2":"type-product","3":"status-publish","4":"has-post-thumbnail","6":"product_cat-gender-reveal","7":"product_cat-baby-shower","8":"product_cat-new-arrival","9":"product_cat-phu-kien-trang-tri","10":"product_cat-phu-kien-tiec","12":"first","13":"instock","14":"shipping-taxable","15":"purchasable","16":"product-type-simple"},"_links":{"self":[{"href":"https:\/\/chuparty.vn\/index.php?rest_route=\/wp\/v2\/product\/10356","targetHints":{"allow":["GET"]}}],"collection":[{"href":"https:\/\/chuparty.vn\/index.php?rest_route=\/wp\/v2\/product"}],"about":[{"href":"https:\/\/chuparty.vn\/index.php?rest_route=\/wp\/v2\/types\/product"}],"replies":[{"embeddable":true,"href":"https:\/\/chuparty.vn\/index.php?rest_route=%2Fwp%2Fv2%2Fcomments&post=10356"}],"wp:featuredmedia":[{"embeddable":true,"href":"https:\/\/chuparty.vn\/index.php?rest_route=\/wp\/v2\/media\/10362"}],"wp:attachment":[{"href":"https:\/\/chuparty.vn\/index.php?rest_route=%2Fwp%2Fv2%2Fmedia&parent=10356"}],"wp:term":[{"taxonomy":"product_cat","embeddable":true,"href":"https:\/\/chuparty.vn\/index.php?rest_route=%2Fwp%2Fv2%2Fproduct_cat&post=10356"},{"taxonomy":"product_tag","embeddable":true,"href":"https:\/\/chuparty.vn\/index.php?rest_route=%2Fwp%2Fv2%2Fproduct_tag&post=10356"}],"curies":[{"name":"wp","href":"https:\/\/api.w.org\/{rel}","templated":true}]}}