{"id":10155,"date":"2025-03-31T10:59:10","date_gmt":"2025-03-31T03:59:10","guid":{"rendered":"https:\/\/chuparty.vn\/?post_type=product&#038;p=10155"},"modified":"2026-02-24T14:30:14","modified_gmt":"2026-02-24T07:30:14","slug":"combo-bong-handmade-xanh-den","status":"publish","type":"product","link":"https:\/\/chuparty.vn\/?product=combo-bong-handmade-xanh-den","title":{"rendered":"COMBO B\u00d3NG HANDMADE XANH \u0110EN"},"content":{"rendered":"<p><strong>Th\u00f4ng tin chi ti\u1ebft s\u1ea3n ph\u1ea9m: COMBO B\u00d3NG HANDMADE XANH \u0110EN<\/strong><\/p>\n<p>* D\u00e2y ch\u1eef HAPPY BIRTHDAY xanh d\u01b0\u01a1ng * 1<br \/>\n* B\u00f3ng S\u1ed1 m\u00e0u xanh pastel size 100cm * 1<br \/>\n* Set N\u01a1 v\u1ea3i \u0111en g\u1eafn b\u00f3ng s\u1ed1 * 6<br \/>\n* B\u00f3ng Daisy handmade m\u00e0u xanh * 3<br \/>\n* B\u00f3ng B\u00e1nh sinh nh\u1eadt handmade * 1<\/p>\n<p><strong>L\u01b0u \u00fd: CH\u01afA BAO G\u00d4M STICKER D\u00c1N B\u00d3NG S\u1ed0<br \/>\n<\/strong>+ B\u00f3ng Jumbo\/ b\u00f3ng bay s\u1ebd \u0111\u01b0\u1ee3c giao b\u1eb1ng grab car\/taxi, \u0111\u1ec3 gi\u1eef an to\u00e0n cho bong b\u00f3ng tr\u01b0\u1edbc th\u1eddi ti\u1ebft (n\u1eafng ho\u1eb7c m\u01b0a) gi\u00fap cho b\u00f3ng gi\u1eef \u0111\u01b0\u1ee3c m\u00e0u s\u1eafc kh\u00f4ng b\u1ecb xu\u1ed1ng m\u00e0u ho\u1eb7c b\u1ecb b\u1ec3 do va \u0111\u1eadp. \u00a0Ph\u00ed v\u1eadn chuy\u1ec3n s\u1ebd \u0111\u01b0\u1ee3c th\u00f4ng b\u00e1o khi book xe .<br \/>\n+ B\u00f3ng Jumbo\/ b\u00f3ng bay \u0111\u1eb9p nh\u1ea5t t\u1eeb 6-8 ti\u1ebfng \u0111\u1ea7u (trong th\u1eddi gian n\u00e0y b\u00f3ng s\u1ebd lu\u00f4n s\u00e1ng \u0111\u1eb9p v\u00e0 \u0111\u1ed9 bay s\u1ebd \u0111\u01b0\u1ee3c \u0111\u1ea3m b\u1ea3o t\u1ed1t nh\u1ea5t.<br \/>\n+ H\u1ea1n ch\u1ebf \u0111\u1ec3 bong b\u00f3ng \u1edf ngo\u00e0i tr\u1eddi ho\u1eb7c n\u01a1i c\u00f3 nhi\u1ec7t \u0111\u1ed9 cao, g\u1ea7n m\u1eb7t tr\u1eddi ho\u1eb7c \u00e1nh \u0111\u00e8n n\u00f3ng s\u1ebd l\u00e0m v\u1ee1 b\u00f3ng.<\/p>\n","protected":false},"excerpt":{"rendered":"<p>Th\u00f4ng tin chi ti\u1ebft s\u1ea3n ph\u1ea9m: COMBO B\u00d3NG HANDMADE XANH \u0110EN * D\u00e2y ch\u1eef HAPPY BIRTHDAY xanh d\u01b0\u01a1ng * 1 * B\u00f3ng S\u1ed1 m\u00e0u xanh pastel size 100cm * 1 * Set N\u01a1 v\u1ea3i \u0111en g\u1eafn b\u00f3ng s\u1ed1 * 6 * B\u00f3ng Daisy handmade m\u00e0u xanh * 3 * B\u00f3ng B\u00e1nh sinh nh\u1eadt handmade * [&hellip;]<\/p>\n","protected":false},"featured_media":10156,"comment_status":"open","ping_status":"closed","template":"","meta":[],"product_cat":[537,536,508,366],"product_tag":[],"class_list":{"0":"post-10155","1":"product","2":"type-product","3":"status-publish","4":"has-post-thumbnail","6":"product_cat-blue","7":"product_cat-color","8":"product_cat-combo-bong-handmade","9":"product_cat-combo-bong-tru-handmade","11":"first","12":"instock","13":"shipping-taxable","14":"purchasable","15":"product-type-simple"},"_links":{"self":[{"href":"https:\/\/chuparty.vn\/index.php?rest_route=\/wp\/v2\/product\/10155","targetHints":{"allow":["GET"]}}],"collection":[{"href":"https:\/\/chuparty.vn\/index.php?rest_route=\/wp\/v2\/product"}],"about":[{"href":"https:\/\/chuparty.vn\/index.php?rest_route=\/wp\/v2\/types\/product"}],"replies":[{"embeddable":true,"href":"https:\/\/chuparty.vn\/index.php?rest_route=%2Fwp%2Fv2%2Fcomments&post=10155"}],"wp:featuredmedia":[{"embeddable":true,"href":"https:\/\/chuparty.vn\/index.php?rest_route=\/wp\/v2\/media\/10156"}],"wp:attachment":[{"href":"https:\/\/chuparty.vn\/index.php?rest_route=%2Fwp%2Fv2%2Fmedia&parent=10155"}],"wp:term":[{"taxonomy":"product_cat","embeddable":true,"href":"https:\/\/chuparty.vn\/index.php?rest_route=%2Fwp%2Fv2%2Fproduct_cat&post=10155"},{"taxonomy":"product_tag","embeddable":true,"href":"https:\/\/chuparty.vn\/index.php?rest_route=%2Fwp%2Fv2%2Fproduct_tag&post=10155"}],"curies":[{"name":"wp","href":"https:\/\/api.w.org\/{rel}","templated":true}]}}