{"id":10063,"date":"2025-03-26T10:38:06","date_gmt":"2025-03-26T03:38:06","guid":{"rendered":"https:\/\/chuparty.vn\/?post_type=product&#038;p=10063"},"modified":"2025-05-12T11:50:44","modified_gmt":"2025-05-12T04:50:44","slug":"day-chu-hello-baby-xanh-hong","status":"publish","type":"product","link":"https:\/\/chuparty.vn\/?product=day-chu-hello-baby-xanh-hong","title":{"rendered":"D\u00c2Y CH\u1eee HELLO BABY XANH\/H\u1ed2NG"},"content":{"rendered":"<p><strong>Chi ti\u1ebft s\u1ea3n ph\u1ea9m:<br \/>\n<\/strong>Qui c\u00e1ch \u0111\u00f3ng g\u00f3i: \/t\u00fai<strong><br \/>\n<\/strong>Ch\u1ea5t li\u1ec7u: GI\u1ea4Y M\u00c0U<br \/>\nM\u00e0u s\u1eafc: xanh \/ h\u1ed3ng<br \/>\nK\u00edch th\u01b0\u1edbc:<\/p>\n","protected":false},"excerpt":{"rendered":"<p>Chi ti\u1ebft s\u1ea3n ph\u1ea9m: Qui c\u00e1ch \u0111\u00f3ng g\u00f3i: \/t\u00fai Ch\u1ea5t li\u1ec7u: GI\u1ea4Y M\u00c0U M\u00e0u s\u1eafc: xanh \/ h\u1ed3ng K\u00edch th\u01b0\u1edbc:<\/p>\n","protected":false},"featured_media":4003,"comment_status":"open","ping_status":"closed","template":"","meta":[],"product_cat":[523,318,48,361],"product_tag":[],"class_list":{"0":"post-10063","1":"product","2":"type-product","3":"status-publish","4":"has-post-thumbnail","6":"product_cat-gender-reveal","7":"product_cat-baby-shower","8":"product_cat-day-treo-banner","9":"product_cat-dong-gia-50k","11":"first","12":"instock","13":"shipping-taxable","14":"purchasable","15":"product-type-simple"},"_links":{"self":[{"href":"https:\/\/chuparty.vn\/index.php?rest_route=\/wp\/v2\/product\/10063","targetHints":{"allow":["GET"]}}],"collection":[{"href":"https:\/\/chuparty.vn\/index.php?rest_route=\/wp\/v2\/product"}],"about":[{"href":"https:\/\/chuparty.vn\/index.php?rest_route=\/wp\/v2\/types\/product"}],"replies":[{"embeddable":true,"href":"https:\/\/chuparty.vn\/index.php?rest_route=%2Fwp%2Fv2%2Fcomments&post=10063"}],"wp:featuredmedia":[{"embeddable":true,"href":"https:\/\/chuparty.vn\/index.php?rest_route=\/wp\/v2\/media\/4003"}],"wp:attachment":[{"href":"https:\/\/chuparty.vn\/index.php?rest_route=%2Fwp%2Fv2%2Fmedia&parent=10063"}],"wp:term":[{"taxonomy":"product_cat","embeddable":true,"href":"https:\/\/chuparty.vn\/index.php?rest_route=%2Fwp%2Fv2%2Fproduct_cat&post=10063"},{"taxonomy":"product_tag","embeddable":true,"href":"https:\/\/chuparty.vn\/index.php?rest_route=%2Fwp%2Fv2%2Fproduct_tag&post=10063"}],"curies":[{"name":"wp","href":"https:\/\/api.w.org\/{rel}","templated":true}]}}